{"id":2,"date":"2018-08-01T08:41:36","date_gmt":"2018-08-01T08:41:36","guid":{"rendered":"https:\/\/egyedi.eu\/hatn2\/?page_id=2"},"modified":"2022-01-05T18:07:29","modified_gmt":"2022-01-05T18:07:29","slug":"sample-page","status":"publish","type":"page","link":"https:\/\/egyedi.eu\/hatn\/","title":{"rendered":"F\u0151oldal"},"content":{"rendered":"<p>Az egyedi hat\u00e1rid\u0151napl\u00f3 a legegyedibb, legszem\u00e9lyesebb aj\u00e1nd\u00e9k, mely a munka sor\u00e1n is \u00e1trep\u00edt a legmeghittebb, leg\u00f6r\u00f6mtelibb csal\u00e1di pillanatokhoz.<\/p>\n<h2><strong>Egyedi hat\u00e1rid\u0151napl\u00f3: <\/strong><\/h2>\n<h4><strong><img loading=\"lazy\" src=\"https:\/\/egyedi.eu\/hatn\/wp-content\/uploads\/2018\/08\/hataridonaplo-2-300x281.png\" alt=\"\" width=\"300\" height=\"281\" \/>K\u00edv\u00fcl-bel\u00fcl egyedi, 54 bels\u0151 fot\u00f3val! <\/strong><\/h4>\n<h5><strong>Akiknek nemcsak a k\u00fcls\u0151 sz\u00e1m\u00edt&#8230;<\/strong><\/h5>\n<p>Aj\u00e1nd\u00e9kozzon szeretteinek vagy \u00f6nmag\u00e1nak csal\u00e1di fot\u00f3kb\u00f3l k\u00e9sz\u00edtett\u00a0<strong>egyedi hat\u00e1rid\u0151napl\u00f3t<\/strong>!<\/p>\n<p>Az egyedi hat\u00e1rid\u0151napl\u00f3\u00a0<strong>garant\u00e1lt siker<\/strong>, hiszen b\u00e1rhov\u00e1 mag\u00e1val vihet\u0151 \u00e9s a munk\u00e1val t\u00f6lt\u00f6tt rohan\u00e1sban is kedves perceket szerez a tulajdonos\u00e1nak.<\/p>\n<p>R\u00e1ad\u00e1sul nem egy polcon porosodik, hanem minden egyes nap haszn\u00e1latban lesz, egy oldalp\u00e1ron egy eg\u00e9sz h\u00e9t \u00f6sszes bejegyz\u00e9se k\u00f6nnyen \u00e1tl\u00e1that\u00f3.<\/p>\n<h2><strong>Egyedi k\u00f6ny\u00f6kl\u0151<\/strong><\/h2>\n<p><img loading=\"lazy\" src=\"https:\/\/egyedi.eu\/hatn\/wp-content\/uploads\/2018\/08\/konyoklo-300x212.png\" alt=\"\" width=\"300\" height=\"212\" \/>Az\u00a0<strong>egyedi k\u00f6ny\u00f6kl\u0151vel<\/strong>\u00a0egy igaz\u00e1n k\u00fcl\u00f6nleges \u00e9s hasznos aj\u00e1nd\u00e9kot adhat, hiszen ki ne szeretne az \u00edr\u00f3asztal\u00e1n\u00e1l jegyzetelni? Az egyedi k\u00f6ny\u00f6kl\u0151 pont erre val\u00f3, r\u00e1ad\u00e1sul szerettei k\u00e9p\u00e9re pillantva sok kellemes percet szerezhet nap, mint nap.<\/p>\n<p><strong>53 fot\u00f3<\/strong>b\u00f3l k\u00e9sz\u00fcl, \u00edgy minden h\u00e9ten m\u00e1s k\u00e9pet n\u00e9zeget a tulajdonosa.<\/p>\n<p>Az egyedi k\u00f6ny\u00f6kl\u0151vel\u00a0<strong>garant\u00e1lt a siker<\/strong>\u00a0az aj\u00e1nd\u00e9koz\u00e1s sor\u00e1n, ak\u00e1r sz\u00fclet\u00e9snap, n\u00e9vnap, kar\u00e1csony, vagy \u00e9vfordul\u00f3 kapcs\u00e1n adja, nagy meglepet\u00e9st okoz vele.\u00a0A\u00a0<strong>leghasznosabb<\/strong>\u00a0\u00edr\u00f3asztalra val\u00f3 egyedi aj\u00e1nd\u00e9k!<\/p>\n<h2><strong>Egyedi asztali napt\u00e1r<\/strong><\/h2>\n<p><img loading=\"lazy\" src=\"https:\/\/egyedi.eu\/hatn\/wp-content\/uploads\/2018\/08\/asztali-naptar-300x300.png\" alt=\"\" width=\"300\" height=\"300\" \/>Unja m\u00e1r az egyszer\u0171 falinapt\u00e1rakat? Vagy nem szeretn\u00e9 a fal\u00e1t sz\u00f6gekkel elcs\u00faf\u00edtani?<\/p>\n<p>Megold\u00e1s az <strong>asztali kivitelez\u00e9s\u0171 egyedi napt\u00e1r<\/strong>, ami a <strong>heti kioszt\u00e1ssal<\/strong> m\u00e9g rendk\u00edv\u00fcl praktikusan haszn\u00e1lhat\u00f3 is.<\/p>\n<p>Ez a napt\u00e1r <strong>garant\u00e1ltan kellemes perceket<\/strong> szerez a haszn\u00e1lata sor\u00e1n, hiszen a kedves eml\u00e9keket nap, mint nap felid\u00e9zi.<\/p>\n<p>Csemp\u00e9sszen a stresszes mindennapokba egy-k\u00e9t \u00f6r\u00f6mteli pillanatot!<\/p>\n<h3><\/h3>\n","protected":false},"excerpt":{"rendered":"<p>Az egyedi hat\u00e1rid\u0151napl\u00f3 a legegyedibb, legszem\u00e9lyesebb aj\u00e1nd\u00e9k, mely a munka sor\u00e1n is [&hellip;]<\/p>\n","protected":false},"author":1,"featured_media":0,"parent":0,"menu_order":0,"comment_status":"closed","ping_status":"open","template":"","meta":[],"_links":{"self":[{"href":"https:\/\/egyedi.eu\/hatn\/wp-json\/wp\/v2\/pages\/2"}],"collection":[{"href":"https:\/\/egyedi.eu\/hatn\/wp-json\/wp\/v2\/pages"}],"about":[{"href":"https:\/\/egyedi.eu\/hatn\/wp-json\/wp\/v2\/types\/page"}],"author":[{"embeddable":true,"href":"https:\/\/egyedi.eu\/hatn\/wp-json\/wp\/v2\/users\/1"}],"replies":[{"embeddable":true,"href":"https:\/\/egyedi.eu\/hatn\/wp-json\/wp\/v2\/comments?post=2"}],"version-history":[{"count":10,"href":"https:\/\/egyedi.eu\/hatn\/wp-json\/wp\/v2\/pages\/2\/revisions"}],"predecessor-version":[{"id":701,"href":"https:\/\/egyedi.eu\/hatn\/wp-json\/wp\/v2\/pages\/2\/revisions\/701"}],"wp:attachment":[{"href":"https:\/\/egyedi.eu\/hatn\/wp-json\/wp\/v2\/media?parent=2"}],"curies":[{"name":"wp","href":"https:\/\/api.w.org\/{rel}","templated":true}]}}