{"id":232,"date":"2018-08-18T15:55:07","date_gmt":"2018-08-18T15:55:07","guid":{"rendered":"https:\/\/egyedi.eu\/hatn2\/?page_id=232"},"modified":"2023-09-07T12:09:13","modified_gmt":"2023-09-07T12:09:13","slug":"infok-egyedi-konyoklo","status":"publish","type":"page","link":"https:\/\/egyedi.eu\/hatn\/egyedi-konyoklo\/infok-egyedi-konyoklo\/","title":{"rendered":"Egyedi k\u00f6ny\u00f6kl\u0151 technikai inf\u00f3k"},"content":{"rendered":"<figure id=\"attachment_156\" aria-describedby=\"caption-attachment-156\" style=\"width: 400px\" class=\"wp-caption alignleft\"><img loading=\"lazy\" class=\"wp-image-156 size-full\" src=\"https:\/\/egyedi.eu\/hatn\/wp-content\/uploads\/2018\/08\/konyoklo.png\" alt=\"Egyedi k\u00f6ny\u00f6kl\u0151\" width=\"400\" height=\"283\" srcset=\"https:\/\/egyedi.eu\/hatn\/wp-content\/uploads\/2018\/08\/konyoklo.png 400w, https:\/\/egyedi.eu\/hatn\/wp-content\/uploads\/2018\/08\/konyoklo-300x212.png 300w, https:\/\/egyedi.eu\/hatn\/wp-content\/uploads\/2018\/08\/konyoklo-230x163.png 230w, https:\/\/egyedi.eu\/hatn\/wp-content\/uploads\/2018\/08\/konyoklo-350x248.png 350w\" sizes=\"(max-width: 400px) 100vw, 400px\" \/><figcaption id=\"caption-attachment-156\" class=\"wp-caption-text\">Egyedi k\u00f6ny\u00f6kl\u0151<\/figcaption><\/figure>\n<p class=\"forTexts\">Egyedi k\u00f6ny\u00f6kl\u0151 <strong>elk\u00e9sz\u00edt\u00e9si hat\u00e1rideje:<\/strong> 2-3 nap, de a kar\u00e1csonyi szezonban hosszabb id\u0151, de minden felvett megrendel\u00e9s elk\u00e9sz\u00fcl kar\u00e1csonyig.<\/p>\n<h2><strong>Egyedi k\u00f6ny\u00f6kl\u0151 inf\u00f3k<\/strong>:<\/h2>\n<p>A\/3 (420x297mm)<\/p>\n<p class=\"forTexts\"><strong>Oldalsz\u00e1m, fot\u00f3k: <\/strong>53 lapos, heti kioszt\u00e1s\u00fa, \u00e9s 53 fot\u00f3t tartalmaz, az \u00e9v 1. het\u00e9vel indul.<br \/>\nAmennyiben nem \u00e1ll rendelkez\u00e9sre elegend\u0151 mennyis\u00e9g\u0171 fot\u00f3, ig\u00e9ny szerint kevesebbel is k\u00e9sz\u00fclhet, amik periodikusan ism\u00e9tl\u0151dnek.<br \/>\nA fot\u00f3kat k\u00e9rj\u00fck besz\u00e1mozni 01.jpg, 02.jpg, stb. form\u00e1tumban eg\u00e9szen 53.jpg-ig.<br \/>\nMinden oldalon megjelen\u0151 log\u00f3 megjelen\u00edt\u00e9s\u00e9re is van lehet\u0151s\u00e9g, ak\u00e1r alnyomat form\u00e1j\u00e1ban.<\/p>\n<h2><strong>Hat\u00e1rid\u0151k:<\/strong><\/h2>\n<p>A kar\u00e1csonyi szezonban kisz\u00e1ll\u00edt\u00e1ssal a 2023 december 17-\u00e9n, 12.00 \u00f3r\u00e1ig leadott megrendel\u00e9sek k\u00e9sz\u00fclnek el kar\u00e1csonyra. A 2023 december 17-e ut\u00e1n leadott egyedi hat\u00e1rid\u0151napl\u00f3, egyedi asztali napt\u00e1r \u00e9s egyedi k\u00f6ny\u00f6kl\u0151 megrendel\u00e9seket m\u00e1r csak<strong>\u00a0janu\u00e1ri post\u00e1z\u00e1ssal<\/strong>\u00a0fogjuk tudni teljes\u00edteni.<br \/>\nSzem\u00e9lyes \u00e1tv\u00e9tellel 2023 december 20-ig tudunk megrendel\u00e9seket fogadni.<\/p>\n<h3 class=\"forTexts\"><strong>Fot\u00f3k: <\/strong><\/h3>\n<p class=\"forTexts\">A k\u00f6ny\u00f6kl\u0151 lapjai 85 x 66 mm nagys\u00e1g\u00fa k\u00e9peket tartalmaznak. A <strong>k\u00e9pek fekv\u0151<\/strong> form\u00e1tum\u00faak, de ig\u00e9ny szerint \u00e1ll\u00f3 k\u00e9pet is be lehet illeszteni, de az kisebb m\u00e9ret\u0171 lesz, jobb \u00e9s bal oldalon feh\u00e9r, \u00fcres hely marad.<\/p>\n<h3 class=\"forTexts\"><strong>Napok id\u0151beoszt\u00e1sa:<\/strong><\/h3>\n<p class=\"forTexts\">Alapesetben reggel 8 \u00f3r\u00e1t\u00f3l d\u00e9lut\u00e1n 18 \u00f3r\u00e1ig lett kialak\u00edtva h\u00e9tf\u0151t\u0151l vas\u00e1rnapig laponk\u00e9nt. Az id\u0151beoszt\u00e1s is szem\u00e9lyre szabhat\u00f3, ak\u00e1r teljes m\u00e9rt\u00e9kben el lehet t\u00e9rni a sablont\u00f3l, de ez szerkeszt\u00e9si fel\u00e1rat jelent. (November 30-ig fogadunk el sablonv\u00e1ltoztat\u00e1sra ig\u00e9nyt.)<\/p>\n<p class=\"forTexts\"><strong>\u00d6sszes\u00edtett napt\u00e1r<\/strong>: Minden lapon van egy <strong>kiemelt jegyzet<\/strong>nek val\u00f3 hely,<br \/>\nvalamint egy <strong>havi \u00f6sszes\u00edtett napt\u00e1r<\/strong>.<\/p>\n<p class=\"forTexts\"><strong>D\u00e1tum-, sz\u00fclet\u00e9snap-, n\u00e9vnap-kiemel\u00e9s:\u00a0<\/strong>Kar\u00e1csonyi szezonban nem lehets\u00e9ges. (November-decemberben) Nem kar\u00e1csonyi szezonban, janu\u00e1rt\u00f3l okt\u00f3ber v\u00e9g\u00e9ig +500Ft\/db fel\u00e1r\u00e9rt lehets\u00e9ges.<\/p>\n<h3 class=\"forTexts\"><strong>Bor\u00edt\u00e1s: <\/strong><\/h3>\n<p class=\"forTexts\">Az egyedi k\u00f6ny\u00f6kl\u0151 eset\u00e9ben is t\u00f6bbf\u00e9le <a href=\"https:\/\/egyedi.eu\/hatn\/egyedi-hataridonaplo\/boritoanyagok\/\">bor\u00edt\u00f3anyagb\u00f3l<\/a> lehet v\u00e1lasztani, \u00e9s k\u00f6nyvk\u00f6t\u00e9szeti kivitelez\u00e9ssel k\u00e9sz\u00fcl. Jelenleg 3 bor\u00edt\u00f3anyag van k\u00e9szleten: bord\u00f3 m\u0171b\u0151r, s\u00f6t\u00e9tk\u00e9k m\u0171b\u0151r, \u00e9s matt fekete m\u0171b\u0151r. Amennyiben m\u00e1s bor\u00edt\u00f3anyagot szeretne, k\u00e9rj\u00fck \u00e9rdekl\u0151dj\u00f6n, hogy beszerezhet\u0151-e a k\u00f6ny\u00f6kl\u0151 m\u00e9ret\u00e9ben.<\/p>\n<h3 class=\"forTexts\"><strong>K\u00f6t\u00e9s: <\/strong><\/h3>\n<p class=\"forTexts\">Az egyedi k\u00f6ny\u00f6kl\u0151 k\u00e9tf\u00e9le k\u00f6t\u00e9ssel k\u00e9sz\u00fclhet: <strong>spir\u00e1lozva<\/strong>, vagy <strong>ragaszt\u00f3k\u00f6t\u00e9ssel<\/strong>.\u00a0A spir\u00e1lozott k\u00f6t\u00e9s\u0171 k\u00f6ny\u00f6kl\u0151 nincs hozz\u00e1r\u00f6gz\u00edtve a h\u00e1tlaphoz, hogy \u00e1tlapozhat\u00f3 legyen, m\u00edg a ragasztott hozz\u00e1 van ragasztva a h\u00e1tlaphoz, \u00edgy a lapokat le kell t\u00e9pni az \u00faj h\u00e9t elej\u00e9n.<\/p>\n","protected":false},"excerpt":{"rendered":"<p>Egyedi k\u00f6ny\u00f6kl\u0151 elk\u00e9sz\u00edt\u00e9si hat\u00e1rideje: 2-3 nap, de a kar\u00e1csonyi szezonban hosszabb id\u0151, [&hellip;]<\/p>\n","protected":false},"author":1,"featured_media":0,"parent":43,"menu_order":0,"comment_status":"closed","ping_status":"closed","template":"","meta":[],"_links":{"self":[{"href":"https:\/\/egyedi.eu\/hatn\/wp-json\/wp\/v2\/pages\/232"}],"collection":[{"href":"https:\/\/egyedi.eu\/hatn\/wp-json\/wp\/v2\/pages"}],"about":[{"href":"https:\/\/egyedi.eu\/hatn\/wp-json\/wp\/v2\/types\/page"}],"author":[{"embeddable":true,"href":"https:\/\/egyedi.eu\/hatn\/wp-json\/wp\/v2\/users\/1"}],"replies":[{"embeddable":true,"href":"https:\/\/egyedi.eu\/hatn\/wp-json\/wp\/v2\/comments?post=232"}],"version-history":[{"count":9,"href":"https:\/\/egyedi.eu\/hatn\/wp-json\/wp\/v2\/pages\/232\/revisions"}],"predecessor-version":[{"id":841,"href":"https:\/\/egyedi.eu\/hatn\/wp-json\/wp\/v2\/pages\/232\/revisions\/841"}],"up":[{"embeddable":true,"href":"https:\/\/egyedi.eu\/hatn\/wp-json\/wp\/v2\/pages\/43"}],"wp:attachment":[{"href":"https:\/\/egyedi.eu\/hatn\/wp-json\/wp\/v2\/media?parent=232"}],"curies":[{"name":"wp","href":"https:\/\/api.w.org\/{rel}","templated":true}]}}