{"id":251,"date":"2018-08-18T16:59:37","date_gmt":"2018-08-18T16:59:37","guid":{"rendered":"https:\/\/egyedi.eu\/hatn2\/?page_id=251"},"modified":"2025-10-16T11:28:10","modified_gmt":"2025-10-16T11:28:10","slug":"infok-egyedi-asztali-naptar","status":"publish","type":"page","link":"https:\/\/egyedi.eu\/hatn\/egyedi-naptar\/infok-egyedi-asztali-naptar\/","title":{"rendered":"Egyedi asztali napt\u00e1r technikai inf\u00f3k"},"content":{"rendered":"<figure id=\"attachment_157\" aria-describedby=\"caption-attachment-157\" style=\"width: 300px\" class=\"wp-caption alignleft\"><img loading=\"lazy\" class=\"wp-image-157 size-medium\" src=\"https:\/\/egyedi.eu\/hatn\/wp-content\/uploads\/2018\/08\/asztali-naptar-300x300.png\" alt=\"Egyedi asztali napt\u00e1r\" width=\"300\" height=\"300\" srcset=\"https:\/\/egyedi.eu\/hatn\/wp-content\/uploads\/2018\/08\/asztali-naptar-300x300.png 300w, https:\/\/egyedi.eu\/hatn\/wp-content\/uploads\/2018\/08\/asztali-naptar-100x100.png 100w, https:\/\/egyedi.eu\/hatn\/wp-content\/uploads\/2018\/08\/asztali-naptar-150x150.png 150w, https:\/\/egyedi.eu\/hatn\/wp-content\/uploads\/2018\/08\/asztali-naptar.png 400w, https:\/\/egyedi.eu\/hatn\/wp-content\/uploads\/2018\/08\/asztali-naptar-230x230.png 230w, https:\/\/egyedi.eu\/hatn\/wp-content\/uploads\/2018\/08\/asztali-naptar-350x350.png 350w, https:\/\/egyedi.eu\/hatn\/wp-content\/uploads\/2018\/08\/asztali-naptar-45x45.png 45w\" sizes=\"(max-width: 300px) 100vw, 300px\" \/><figcaption id=\"caption-attachment-157\" class=\"wp-caption-text\">Egyedi asztali napt\u00e1r<\/figcaption><\/figure>\n<h2><strong>Egyedi asztali napt\u00e1r param\u00e9terek: <\/strong><\/h2>\n<p><strong>Egyedi asztali napt\u00e1r kiemelt infom\u00e1ci\u00f3i:<br \/>\nM\u00e9ret<\/strong>: 297&#215;105 mm<br \/>\n<strong>Oldalsz\u00e1m<\/strong>: 54 oldal<br \/>\n<strong>Kioszt\u00e1s<\/strong>: heti kioszt\u00e1s<br \/>\n<strong>Kivitelez\u00e9s<\/strong>: tart\u00f3szerkezettel egy\u00fctt spir\u00e1lozva feh\u00e9r f\u00e9mspir\u00e1llal<br \/>\n<strong>Pap\u00edr<\/strong>: feh\u00e9r, 80 g. ofszet pap\u00edr, +1000 Ft-os fel\u00e1r\u00e9rt k\u00e9rhet\u0151 van\u00edlia pap\u00edrra<br \/>\n<strong>A k\u00e9pek m\u00e9rete<\/strong>: 85 x 85 mm, n\u00e9gyzetes form\u00e1tum<br \/>\n<strong>K\u00e9pek darabsz\u00e1ma<\/strong>: 53+1<br \/>\n<strong>\u00d3rabeoszt\u00e1s:<\/strong> nincs, a napt\u00e1rr\u00e9szben 5 sz\u00e9les sor tal\u00e1lhat\u00f3 a bejegyz\u00e9seknek.<\/p>\n<p>A napt\u00e1rban a n\u00e9vnapok szerepelnek.<\/p>\n<p><strong>El\u0151lap:<\/strong> Az el\u0151lap fot\u00f3val vagy fot\u00f3 n\u00e9lk\u00fcl k\u00e9sz\u00fcl &#8220;2026 Boldog \u00daj \u00c9vet&#8221; felirattal<\/p>\n<h3><strong>Fot\u00f3k:<\/strong><\/h3>\n<p>A fot\u00f3kat k\u00e9rj\u00fck besz\u00e1mozni 01.jpg, 02.jpg, stb. form\u00e1tumban eg\u00e9szen 53.jpg-ig.<br \/>\nAz el\u0151lapra\u00a0is ker\u00fcl egy k\u00e9p, ez a\u00a0<strong>00.jpg<\/strong>\u00a0nevet kapja.<br \/>\nHa nem sorsz\u00e1mozva kapjuk a k\u00e9peket, akkor a sorrend\u00e9rt nem v\u00e1llalunk felel\u0151ss\u00e9get, hanem a g\u00e9p rendezi be.<br \/>\nA fot\u00f3k n\u00e9gyzetes form\u00e1tum\u00faak, \u00e1ll\u00f3 k\u00e9p eset\u00e9n a k\u00e9phely jobb \u00e9s bal sz\u00e9le \u00fcresen marad, fekv\u0151k\u00e9pekn\u00e9l pedig alul-fel\u00fcl lesz nagyobb \u00fcres t\u00e9r. Ha a k\u00e9p kiv\u00e1ghat\u00f3, akkor a k\u00f6z\u00e9ps\u0151 r\u00e9szb\u0151l ker\u00fcl bele egy n\u00e9gyzet form\u00e1tum\u00fa k\u00e9pr\u00e9szlet.<\/p>\n<h3>Hat\u00e1rid\u0151k:<\/h3>\n<p>A kar\u00e1csonyi szezonban december 17-\u00e9n, 12.00 \u00f3r\u00e1ig leadott megrendel\u00e9sek k\u00e9sz\u00fclnek el kar\u00e1csonyra. A december 17-e ut\u00e1n leadott egyedi hat\u00e1rid\u0151napl\u00f3, egyedi asztali napt\u00e1r \u00e9s egyedi k\u00f6ny\u00f6kl\u0151 megrendel\u00e9seket m\u00e1r csak<strong>\u00a0janu\u00e1ri post\u00e1z\u00e1ssal<\/strong>\u00a0fogjuk tudni teljes\u00edteni.<\/p>\n<p><strong>Szem\u00e9lyes<\/strong> \u00e1tv\u00e9tellel <strong>december 21<\/strong>-ig fogadunk megrendel\u00e9seket. (A december 22. napon leadott megrendel\u00e9seket dupla \u00e1ron, a december 23. napon leadott megrendel\u00e9seket tripla \u00e1ron tudjuk v\u00e1llalni 24-\u00e9re. Efel\u0151l k\u00e9rj\u00fck, \u00e9rdekl\u0151dj\u00f6n telefonon a 0630-7766-585-\u00f6s sz\u00e1mon, hogy van-e r\u00e1 kapacit\u00e1s.)<\/p>\n<p>Az egyedi asztali napt\u00e1rak \u00f6sszes\u00edtve k\u00e9sz\u00fclnek k\u00e9zimunk\u00e1val, ez azt jelenti, hogy \u00f6sszegy\u0171jtj\u00fck a megrendel\u00e9seket, \u00e9s m\u0171veletenk\u00e9nt halad az elk\u00e9sz\u00edt\u00e9se. Minden megrendel\u00e9s oda\u00e9r kar\u00e1csonyig, de azt nem tudjuk v\u00e1llalni, hogy kivessz\u00fck a sorb\u00f3l, \u00e9s hamarabb k\u00e9sz\u00edtj\u00fck el, mert akkor a t\u00f6bbi cs\u00faszna. K\u00f6sz\u00f6nj\u00fck meg\u00e9rt\u00e9s\u00fcket.<\/p>\n","protected":false},"excerpt":{"rendered":"<p>Egyedi asztali napt\u00e1r param\u00e9terek: Egyedi asztali napt\u00e1r kiemelt infom\u00e1ci\u00f3i: M\u00e9ret: 297&#215;105 mm [&hellip;]<\/p>\n","protected":false},"author":1,"featured_media":0,"parent":45,"menu_order":0,"comment_status":"closed","ping_status":"closed","template":"","meta":[],"_links":{"self":[{"href":"https:\/\/egyedi.eu\/hatn\/wp-json\/wp\/v2\/pages\/251"}],"collection":[{"href":"https:\/\/egyedi.eu\/hatn\/wp-json\/wp\/v2\/pages"}],"about":[{"href":"https:\/\/egyedi.eu\/hatn\/wp-json\/wp\/v2\/types\/page"}],"author":[{"embeddable":true,"href":"https:\/\/egyedi.eu\/hatn\/wp-json\/wp\/v2\/users\/1"}],"replies":[{"embeddable":true,"href":"https:\/\/egyedi.eu\/hatn\/wp-json\/wp\/v2\/comments?post=251"}],"version-history":[{"count":12,"href":"https:\/\/egyedi.eu\/hatn\/wp-json\/wp\/v2\/pages\/251\/revisions"}],"predecessor-version":[{"id":940,"href":"https:\/\/egyedi.eu\/hatn\/wp-json\/wp\/v2\/pages\/251\/revisions\/940"}],"up":[{"embeddable":true,"href":"https:\/\/egyedi.eu\/hatn\/wp-json\/wp\/v2\/pages\/45"}],"wp:attachment":[{"href":"https:\/\/egyedi.eu\/hatn\/wp-json\/wp\/v2\/media?parent=251"}],"curies":[{"name":"wp","href":"https:\/\/api.w.org\/{rel}","templated":true}]}}