{"id":253,"date":"2018-08-18T17:02:34","date_gmt":"2018-08-18T17:02:34","guid":{"rendered":"https:\/\/egyedi.eu\/hatn2\/?page_id=253"},"modified":"2025-10-16T11:13:07","modified_gmt":"2025-10-16T11:13:07","slug":"arak-egyedi-asztali-naptar","status":"publish","type":"page","link":"https:\/\/egyedi.eu\/hatn\/egyedi-naptar\/arak-egyedi-asztali-naptar\/","title":{"rendered":"Egyedi asztali napt\u00e1r \u00e1rak:"},"content":{"rendered":"\n<p>Egyedi asztali napt\u00e1r \u00e1rak: <br>R\u00f6vid term\u00e9kle\u00edr\u00e1s: <br>53+1 lapos egyedi asztali napt\u00e1r saj\u00e1t fot\u00f3kb\u00f3l, \u00f6n\u00e1ll\u00f3 tart\u00f3szerkezettel, el\u0151lappal, spir\u00e1lozott kivitellel. Minden lapon a napt\u00e1r mellett egy fot\u00f3 van. B\u0151vebb inf\u00f3k: <a href=\"https:\/\/egyedi.eu\/hatn\/egyedi-naptar\/infok-egyedi-asztali-naptar\/\" data-type=\"page\" data-id=\"251\">Egyedi asztali napt\u00e1r technikai inf\u00f3k<\/a><\/p>\n\n\n\n<p>Kisz\u00e1ll\u00edt\u00e1s: +1500.- \/db, nagyobb mennyis\u00e9g kisz\u00e1ll\u00edt\u00e1sa egyedi kalkul\u00e1ci\u00f3 alapj\u00e1n t\u00f6rt\u00e9nik.<\/p>\n\n\n\n<table>\n\n  <tbody><tr>\n    <th rowspan=\"2\" bgcolor=\"#FFFFCC\"><div align=\"center\">Darab:<\/div>      <div align=\"center\"><\/div><\/th>\n    <\/tr>\n  <tr>\n    <th bgcolor=\"#FFFFCC\"> <div align=\"center\">\u00c1r\/db<\/div><\/th>\n    <\/tr>\n  <tr>\n    <td bgcolor=\"#FFFFCC\"><div align=\"center\"><b>1<\/b><\/div><\/td>\n    <td><div align=\"center\">12.000<\/div><\/td>\n    <\/tr>\n  <tr>\n    <td bgcolor=\"#FFFFCC\"><div align=\"center\"><b>2<\/b><\/div><\/td>\n    <td><div align=\"center\">10.800<\/div><\/td>\n    <\/tr>\n  <tr>\n    <td bgcolor=\"#FFFFCC\"><div align=\"center\"><b>3<\/b><\/div><\/td>\n    <td><div align=\"center\">9600<\/div><\/td>\n    <\/tr>\n  <tr>\n    <td bgcolor=\"#FFFFCC\"><div align=\"center\"><b>5<\/b><\/div><\/td>\n    <td><div align=\"center\">7200<\/div><\/td>\n    <\/tr>\n  <tr>\n    <td bgcolor=\"#FFFFCC\"><div align=\"center\"><b>10<\/b><\/div><\/td>\n    <td><div align=\"center\">6000<\/div><\/td>\n    <\/tr>\n  <tr>\n    <td bgcolor=\"#FFFFCC\"><div align=\"center\"><b>20<\/b><\/div><\/td>\n    <td><div align=\"center\">4800<\/div><\/td>\n    <\/tr>\n  <tr>\n    <td bgcolor=\"#FFFFCC\"><div align=\"center\"><b>30<\/b><\/div><\/td>\n    <td><div align=\"center\">4200<\/div><\/td>\n    <\/tr>\n  <tr>\n    <td bgcolor=\"#FFFFCC\"><div align=\"center\"><b>50<\/b><\/div><\/td>\n    <td><div align=\"center\">3600 <\/div><\/td>\n    <\/tr>\n  <tr>\n    <td bgcolor=\"#FFFFCC\"><div align=\"center\"><b>100<\/b><\/div><\/td>\n    <td><div align=\"center\">3000 <\/div><\/td>\n    <\/tr>\n<\/tbody><\/table>\n\n\n\n<p>Friss\u00edtve: 2025.10.16<\/p>\n","protected":false},"excerpt":{"rendered":"<p>Egyedi asztali napt\u00e1r \u00e1rak: R\u00f6vid term\u00e9kle\u00edr\u00e1s: 53+1 lapos egyedi asztali napt\u00e1r saj\u00e1t [&hellip;]<\/p>\n","protected":false},"author":1,"featured_media":157,"parent":45,"menu_order":0,"comment_status":"closed","ping_status":"closed","template":"","meta":[],"_links":{"self":[{"href":"https:\/\/egyedi.eu\/hatn\/wp-json\/wp\/v2\/pages\/253"}],"collection":[{"href":"https:\/\/egyedi.eu\/hatn\/wp-json\/wp\/v2\/pages"}],"about":[{"href":"https:\/\/egyedi.eu\/hatn\/wp-json\/wp\/v2\/types\/page"}],"author":[{"embeddable":true,"href":"https:\/\/egyedi.eu\/hatn\/wp-json\/wp\/v2\/users\/1"}],"replies":[{"embeddable":true,"href":"https:\/\/egyedi.eu\/hatn\/wp-json\/wp\/v2\/comments?post=253"}],"version-history":[{"count":9,"href":"https:\/\/egyedi.eu\/hatn\/wp-json\/wp\/v2\/pages\/253\/revisions"}],"predecessor-version":[{"id":930,"href":"https:\/\/egyedi.eu\/hatn\/wp-json\/wp\/v2\/pages\/253\/revisions\/930"}],"up":[{"embeddable":true,"href":"https:\/\/egyedi.eu\/hatn\/wp-json\/wp\/v2\/pages\/45"}],"wp:featuredmedia":[{"embeddable":true,"href":"https:\/\/egyedi.eu\/hatn\/wp-json\/wp\/v2\/media\/157"}],"wp:attachment":[{"href":"https:\/\/egyedi.eu\/hatn\/wp-json\/wp\/v2\/media?parent=253"}],"curies":[{"name":"wp","href":"https:\/\/api.w.org\/{rel}","templated":true}]}}