{"id":327,"date":"2018-08-21T09:09:08","date_gmt":"2018-08-21T09:09:08","guid":{"rendered":"https:\/\/egyedi.eu\/hatn2\/?page_id=327"},"modified":"2019-10-17T11:20:47","modified_gmt":"2019-10-17T11:20:47","slug":"kapcsolat","status":"publish","type":"page","link":"https:\/\/egyedi.eu\/hatn\/kapcsolat\/","title":{"rendered":"Kapcsolat"},"content":{"rendered":"<aside id=\"text-4\" class=\"widget widget_text\">\n<div class=\"textwidget\">\n<p><strong>Folyamatban l\u00e9v\u0151 megrendel\u00e9ssel kapcsolatos inform\u00e1ci\u00f3k:<br \/>\n<\/strong>+36 30 7766575<\/p>\n<p><strong>Technikai inform\u00e1ci\u00f3k:<\/strong><\/p>\n<p><strong>El\u0151sz\u00f6r k\u00e9rj\u00fck, olvassa el a <a href=\"https:\/\/egyedi.eu\/hatn\/egyedi-hataridonaplo\/technikai-infok-egyedi-hataridonaplo\/\">technikai inform\u00e1ci\u00f3kat<\/a>, \u00e9s csak azt k\u00e9rdezze meg, ami ott nincs.<\/strong><\/p>\n<p>+36 30 7766585<\/p>\n<p><strong><a href=\"mailto:info@egyedi.eu\">info@egyedi.eu<\/a><\/strong><\/p>\n<\/div>\n<\/aside>\n","protected":false},"excerpt":{"rendered":"<p>Folyamatban l\u00e9v\u0151 megrendel\u00e9ssel kapcsolatos inform\u00e1ci\u00f3k: +36 30 7766575 Technikai inform\u00e1ci\u00f3k: El\u0151sz\u00f6r k\u00e9rj\u00fck, [&hellip;]<\/p>\n","protected":false},"author":1,"featured_media":0,"parent":0,"menu_order":0,"comment_status":"closed","ping_status":"closed","template":"","meta":[],"_links":{"self":[{"href":"https:\/\/egyedi.eu\/hatn\/wp-json\/wp\/v2\/pages\/327"}],"collection":[{"href":"https:\/\/egyedi.eu\/hatn\/wp-json\/wp\/v2\/pages"}],"about":[{"href":"https:\/\/egyedi.eu\/hatn\/wp-json\/wp\/v2\/types\/page"}],"author":[{"embeddable":true,"href":"https:\/\/egyedi.eu\/hatn\/wp-json\/wp\/v2\/users\/1"}],"replies":[{"embeddable":true,"href":"https:\/\/egyedi.eu\/hatn\/wp-json\/wp\/v2\/comments?post=327"}],"version-history":[{"count":2,"href":"https:\/\/egyedi.eu\/hatn\/wp-json\/wp\/v2\/pages\/327\/revisions"}],"predecessor-version":[{"id":445,"href":"https:\/\/egyedi.eu\/hatn\/wp-json\/wp\/v2\/pages\/327\/revisions\/445"}],"wp:attachment":[{"href":"https:\/\/egyedi.eu\/hatn\/wp-json\/wp\/v2\/media?parent=327"}],"curies":[{"name":"wp","href":"https:\/\/api.w.org\/{rel}","templated":true}]}}