{"id":62,"date":"2018-08-02T14:57:47","date_gmt":"2018-08-02T14:57:47","guid":{"rendered":"https:\/\/egyedi.eu\/hatn2\/?page_id=62"},"modified":"2025-10-16T15:08:48","modified_gmt":"2025-10-16T15:08:48","slug":"technikai-infok-egyedi-hataridonaplo","status":"publish","type":"page","link":"https:\/\/egyedi.eu\/hatn\/egyedi-hataridonaplo\/technikai-infok-egyedi-hataridonaplo\/","title":{"rendered":"Egyedi hat\u00e1rid\u0151napl\u00f3 technikai inf\u00f3k"},"content":{"rendered":"<figure id=\"attachment_155\" aria-describedby=\"caption-attachment-155\" style=\"width: 250px\" class=\"wp-caption alignleft\"><img loading=\"lazy\" class=\"wp-image-155\" src=\"https:\/\/egyedi.eu\/hatn\/wp-content\/uploads\/2018\/08\/hataridonaplo-2.png\" alt=\"Egyedi hat\u00e1rid\u0151napl\u00f3\" width=\"250\" height=\"234\" srcset=\"https:\/\/egyedi.eu\/hatn\/wp-content\/uploads\/2018\/08\/hataridonaplo-2.png 400w, https:\/\/egyedi.eu\/hatn\/wp-content\/uploads\/2018\/08\/hataridonaplo-2-300x281.png 300w, https:\/\/egyedi.eu\/hatn\/wp-content\/uploads\/2018\/08\/hataridonaplo-2-230x215.png 230w, https:\/\/egyedi.eu\/hatn\/wp-content\/uploads\/2018\/08\/hataridonaplo-2-350x327.png 350w\" sizes=\"(max-width: 250px) 100vw, 250px\" \/><figcaption id=\"caption-attachment-155\" class=\"wp-caption-text\">Egyedi hat\u00e1rid\u0151napl\u00f3<\/figcaption><\/figure>\n<h2>Az egyedi hat\u00e1rid\u0151napl\u00f3 <strong>e<span class=\"style1\">lk\u00e9sz\u00edt\u00e9si hat\u00e1rideje<\/span><\/strong><span class=\"style1\"><strong>:<\/strong><\/span><\/h2>\n<p>A kar\u00e1csonyi szezonban (okt\u00f3bert\u0151l decemberig) az egyedi hat\u00e1rid\u0151napl\u00f3k a kar\u00e1csony el\u0151tti h\u00e9tre k\u00e9sz\u00fclnek el. Az egyedi hat\u00e1rid\u0151napl\u00f3k \u00f6sszes\u00edtve k\u00e9sz\u00fclnek k\u00e9zimunk\u00e1val, ez azt jelenti, hogy \u00f6sszegy\u0171jtj\u00fck a megrendel\u00e9seket, \u00e9s m\u0171veletenk\u00e9nt halad az elk\u00e9sz\u00edt\u00e9se. Minden megrendel\u00e9s oda\u00e9r kar\u00e1csonyig, de azt nem tudjuk v\u00e1llalni, hogy kivessz\u00fck a sorb\u00f3l, \u00e9s hamarabb k\u00e9sz\u00edtj\u00fck el, mert akkor a t\u00f6bbi cs\u00faszna. K\u00f6sz\u00f6nj\u00fck meg\u00e9rt\u00e9s\u00fcket.<\/p>\n<p>A kar\u00e1csonyi szezonban kisz\u00e1ll\u00edt\u00e1ssal a 2025 december 17-\u00e9n, 12.00 \u00f3r\u00e1ig leadott megrendel\u00e9sek k\u00e9sz\u00fclnek el kar\u00e1csonyra. A 2025 december 17-e ut\u00e1n leadott egyedi hat\u00e1rid\u0151napl\u00f3, egyedi asztali napt\u00e1r \u00e9s egyedi k\u00f6ny\u00f6kl\u0151 megrendel\u00e9seket m\u00e1r csak<strong>\u00a0janu\u00e1ri post\u00e1z\u00e1ssal<\/strong> fogjuk tudni teljes\u00edteni.<br \/>\nSzem\u00e9lyes \u00e1tv\u00e9tellel 2025 december 21-ig tudunk megrendel\u00e9seket fogadni.<\/p>\n<p class=\"forTexts\"><strong>Fizet\u00e9s:<\/strong> Szem\u00e9lyes \u00e1tv\u00e9tel eset\u00e9n lehet fizetni PayPalon kereszt\u00fcl bankk\u00e1rty\u00e1val, vagy \u00e1tv\u00e9telkor k\u00e9szp\u00e9nzben, kisz\u00e1ll\u00edt\u00e1s eset\u00e9n PayPalon kereszt\u00fcl t\u00f6rt\u00e9nik bankk\u00e1rty\u00e1val, vagy PayPal fi\u00f3kon kereszt\u00fcl, illetve banki \u00e1tutal\u00e1ssal.<br \/>\nAz ut\u00e1nv\u00e9tes fizet\u00e9s j\u00f3val dr\u00e1g\u00e1bb, kb. +3000 Ft-tal n\u00f6veln\u00e9 meg a kisz\u00e1ll\u00edt\u00e1si k\u00f6lts\u00e9get, ez\u00e9rt ezt nem v\u00e1llaljuk.<\/p>\n<p>A PayPal rendszer\u00e9n kereszt\u00fcli fizet\u00e9s t\u00f6k\u00e9letesen biztons\u00e1gos, mi a bankk\u00e1rtya adatokat nem l\u00e1tjuk \u00e9s nem is t\u00e1roljuk el.<\/p>\n<p><strong>Pap\u00edr:<\/strong> feh\u00e9r, 80 g.ofszet, +1000 Ft fel\u00e1r\u00e9rt k\u00e9rhet\u0151 van\u00edlia sz\u00edn\u0171 pap\u00edrra is.<\/p>\n<p><strong>Bels\u0151 elrendez\u00e9s:<\/strong>\u00a0L\u00e1sd a <a href=\"https:\/\/egyedi.eu\/hatn\/egyedi-hataridonaplo\/tipusok-egyedi-hataridonaplo-2\/\" data-wplink-edit=\"true\">T\u00edpusok<\/a> oldalon.<\/p>\n<h2><strong>Heti kioszt\u00e1s\u00fa egyedi hat\u00e1rid\u0151napl\u00f3:<\/strong><\/h2>\n<p class=\"forTexts-leiras\"><strong>Oldalsz\u00e1m, fot\u00f3k:<\/strong><br \/>\nA heti egyedi agenda\u00a0<strong>120 oldalas<\/strong>\u00a0\u00e9s h\u00e1romf\u00e9le m\u00e9retben k\u00e9sz\u00fcl:<\/p>\n<p class=\"forTexts-leiras\">A\/4 (210x297mm),<br \/>\nA\/5 (148x210mm),<br \/>\nA\/6 (105x148mm)<\/p>\n<p class=\"forTexts-leiras\">Egy h\u00e9t egy oldalp\u00e1ron, vagyis k\u00e9t oldalon szerepel, minden h\u00e9tn\u00e9l egy fot\u00f3 szerepel, 2026-os \u00e9vben 53+1 (bels\u0151 c\u00edmlap) fot\u00f3t tartalmaz. Amennyiben nincs elegend\u0151 mennyis\u00e9g\u0171 fot\u00f3, kevesebbel is k\u00e9sz\u00fclhet, amik periodikusan ism\u00e9tl\u0151dnek.<\/p>\n<h3><strong>Fot\u00f3k elnevez\u00e9se, lead\u00e1sa:<\/strong><\/h3>\n<p>A fot\u00f3kat k\u00e9rj\u00fck besz\u00e1mozni 01.jpg, 02.jpg, stb. form\u00e1tumban eg\u00e9szen 53.jpg-ig.<br \/>\nAz egyedi hat\u00e1rid\u0151napl\u00f3\u00a0<strong>bels\u0151 c\u00edmlapj\u00e1ra<\/strong>\u00a0is ker\u00fcl egy k\u00e9p, ez a\u00a0<strong>00.jpg<\/strong>\u00a0nevet kapja.<br \/>\nA kiv\u00e1lasztott\u00a0<strong>fot\u00f3kat<\/strong>\u00a0k\u00e9rj\u00fck a\u00a0<a href=\"https:\/\/wetransfer.com\/\">www.wetransfer.com<\/a>-on kereszt\u00fcl \u00e1tk\u00fcldeni nek\u00fcnk az info@egyedi.eu e-mail c\u00edmre.<br \/>\nE-mailben fot\u00f3kat nem fogadunk, csak wetransferen kereszt\u00fcl.<\/p>\n<p>(Seg\u00edts\u00e9g a <strong>wetransferhez<\/strong>:<\/p>\n<p>Az &#8220;I just want to send files&#8221;-ra kell kattintani, (sim\u00e1n, regisztr\u00e1ci\u00f3 n\u00e9lk\u00fcli k\u00fcld\u00e9shez)<br \/>\nAdd your files: (k\u00e9k + jel) itt kell kiv\u00e1lasztani a k\u00e9peket,<br \/>\nEmail to: info@egyedi.eu,<br \/>\nYour email: Az \u00f6n e-mail c\u00edme,<br \/>\nTitle: c\u00edmsor<br \/>\nMessage: \u00fczenet, legyen benne az \u00d6n neve, \u00e9s\/vagy a megrendel\u00e9s\u00e9nek sz\u00e1ma.<br \/>\nTransfer: k\u00fcld\u00e9s<br \/>\nFigyelem, k\u00fcld\u00e9s ut\u00e1n m\u00e9g be kell \u00edrni az ellen\u0151rz\u0151 k\u00f3dot, amit \u00d6n e-mailben kap meg, majd a &#8220;verify&#8221; gombra kattintani.<br \/>\n2 GB-ot tud egyszerre elk\u00fcldeni.)<\/p>\n<p>Ha nem sorsz\u00e1mozva kapjuk a k\u00e9peket, akkor a <strong>sorrend\u00e9rt<\/strong> nem v\u00e1llalunk felel\u0151ss\u00e9get, hanem a g\u00e9p rendezi be.<br \/>\nA fot\u00f3kat <strong>csak .jpg form\u00e1tumban<\/strong> tudjuk fogadni. Az iphone telefonok .heic form\u00e1tum\u00fa k\u00e9peket k\u00e9sz\u00edtenek, ez\u00e9rt azokat .jpg-be kell konvert\u00e1lni. A legegyszer\u0171bb konvert\u00e1l\u00f3 online fel\u00fclet: <a href=\"https:\/\/heictojpg.com\/\">https:\/\/heictojpg.com\/\u00a0<\/a><\/p>\n<h3><strong>K\u00e9pek besz\u00e1moz\u00e1sa:<\/strong><\/h3>\n<p><strong>00.jpg<\/strong>&#8211; bels\u0151 c\u00edmlapk\u00e9p (legjobb az \u00e1ll\u00f3, akkor nagyobb lesz, a t\u00f6bbi eset\u00e9ben a fekv\u0151 form\u00e1tum jobb)<\/p>\n<p>Ut\u00e1na j\u00f6nnek a hetek: 2026-ban a 01.jpg nev\u0171 k\u00e9ppel indul az \u00e9v. Teh\u00e1t a <strong>sorrend<\/strong> \u00edgy lesz:<\/p>\n<p><strong>01.jpg, 02.jpg, 03.jpg &#8230; eg\u00e9szen a v\u00e9g\u00e9ig: 53.jpg.<\/strong><\/p>\n<h3><strong>Hat\u00e1rid\u0151napl\u00f3 bor\u00edt\u00e1sa:<\/strong><\/h3>\n<p>Az egyedi hat\u00e1rid\u0151napl\u00f3 rendk\u00edv\u00fcl eleg\u00e1ns, modern bor\u00edt\u00f3anyagb\u00f3l k\u00e9sz\u00fcl<a href=\"https:\/\/egyedi.eu\/hatn\/egyedi-hataridonaplo\/boritoanyagok\/\">\u00a0(ITT MEGTEKINTHET\u0150EK a bor\u00edt\u00f3anyagok)<\/a>, azonban rendelhet\u0151 fot\u00f3s pap\u00edrbor\u00edt\u00e1ssal is, \u00edgy teljesen egyedi bor\u00edt\u00f3t is tudunk k\u00e9sz\u00edteni. A t\u00e1bla strapab\u00edr\u00f3, kem\u00e9nyt\u00e1bl\u00e1s kivitelez\u00e9ssel k\u00e9sz\u00fcl. <strong>A bor\u00edt\u00f3anyagra sz\u00f6veget nem nyomunk.<\/strong> Ha b\u00e1rmilyen sz\u00f6veget kell \u00edrni a bor\u00edt\u00f3ra, akkor csak a f\u00f3li\u00e1zott pap\u00edrbor\u00edt\u00e1s lehets\u00e9ges.<\/p>\n<p>Egyedi hat\u00e1rid\u0151napl\u00f3\u00a0<strong>k\u00fcls\u0151, fot\u00f3s bor\u00edt\u00f3<\/strong>:<\/p>\n<p>Ha pap\u00edrbor\u00edt\u00e1s k\u00e9sz\u00fcl, \u00e9s nem bor\u00edt\u00f3anyaggal k\u00e9sz\u00fcl a napl\u00f3. Els\u0151 bor\u00edt\u00f3: B1.jpg, illetve h\u00e1ts\u00f3 bor\u00edt\u00f3: B4.jpg. Amennyiben egy fekv\u0151 fot\u00f3 megy a bor\u00edt\u00f3ra, akkor a neve B1-B4 legyen, a m\u00e9rete: 348\u00d7248 mm legyen, 300 dpi-vel, vagy legal\u00e1bb 10 megapixeles k\u00e9p legyen \u00e9s a k\u00e9p l\u00e9nyege a jobb oldalra essen, mert az ker\u00fcl a hat\u00e1rid\u0151napl\u00f3 elej\u00e9re. K\u00f6rben 2-2 cm-re ne ker\u00fclj\u00f6n l\u00e9nyeges adat, k\u00e9pr\u00e9szlet, mert behajt\u00e1sra ker\u00fcl, nem fog l\u00e1tsz\u00f3dni. A gerincre sz\u00f6veget nem tesz\u00fcnk.<br \/>\nAz els\u0151 bor\u00edt\u00f3ra alapesetben az \u00e9vsz\u00e1mot r\u00e1tessz\u00fck. Egy\u00e9b sz\u00f6veg fel\u00e1r\u00e9rt (+500.-) ker\u00fclhet r\u00e1.<\/p>\n<h3><strong>Fot\u00f3k m\u00e9rete:<\/strong><\/h3>\n<p>&#8220;mm&#8221;-ben, 300dpi felbont\u00e1ssal (\u00e9s pixelben):<\/p>\n<p><strong>A\/5-\u00f6s egyedi hat\u00e1rid\u0151napl\u00f3:<br \/>\n<\/strong>standard, kombin\u00e1lt: 70\u00d750 mm, (850x639pixel, 1,55MPixel)<br \/>\nnagyfot\u00f3s, extra, napi-54: 119\u00d790 mm, (1400x1052pixel, 4,21 MPixel)<\/p>\n<p><strong>A\/6-os egyedi hat\u00e1rid\u0151napl\u00f3:<\/strong><br \/>\nstandard, kombin\u00e1lt: \u00a046\u00d735 mm, (600x451pixel, 1MPixel)<br \/>\nnagyfot\u00f3s, extra: 75\u00d756 mm, (900x676pixel, 1,74 MPixel)<\/p>\n<p><strong>A\/4-es egyedi hat\u00e1rid\u0151napl\u00f3:<\/strong><br \/>\nstandard, kombin\u00e1lt, napi: 98\u00d771 mm, (1200x902pixel, 3,1 MPixel)<br \/>\nnagyfot\u00f3s, extra: 167\u00d7126 mm, (2000x1503pixel, 8,6 MPixel)<\/p>\n<p>A k\u00e9pek\u00a0<strong>fekv\u0151<\/strong>\u00a0form\u00e1tum\u00faak, \u00e1ll\u00f3 k\u00e9pet is be lehet illeszteni, de akkor az kisebb m\u00e9ret\u0171 lesz, bele lesz kicsiny\u00edtve a k\u00e9pr\u00e9szbe, jobb-bal oldalon \u00fcres lesz a hely.<br \/>\nA\u00a0<strong>bels\u0151 c\u00edmlap<\/strong>\u00a0k\u00e9pe\u00a0<strong>\u00e1ll\u00f3<\/strong> form\u00e1tum\u00fa, a bor\u00edt\u00f3fot\u00f3 fekv\u0151, \u00e9s a JOBB oldal\u00e1n legyen a l\u00e9nyeg, mert az ker\u00fcl a k\u00f6nyv elej\u00e9re! A bor\u00edt\u00f3ra k\u00fcldhet\u0151 2 db \u00e1ll\u00f3k\u00e9p is, B1.jpg az els\u0151 bor\u00edt\u00f3ra, B4.jpg a h\u00e1ts\u00f3 bor\u00edt\u00f3ra ker\u00fcl.<\/p>\n<p><strong>D\u00e1tum-, sz\u00fclet\u00e9snap-, n\u00e9vnap-kiemel\u00e9s: <\/strong>Kar\u00e1csonyi szezonban nem lehets\u00e9ges. (November-decemberben) Nem kar\u00e1csonyi szezonban, janu\u00e1rt\u00f3l okt\u00f3ber v\u00e9g\u00e9ig +500Ft\/db fel\u00e1r\u00e9rt lehets\u00e9ges.<\/p>\n<h3><strong>Bel\u00edv min\u0151s\u00e9ge:<\/strong><\/h3>\n<p>80 g.-os, alapesetben feh\u00e9r sz\u00edn\u0171 ofszet pap\u00edrra k\u00e9sz\u00fcl, ig\u00e9ny szerint v\u00e1laszthat\u00f3 +1000 Ft-os fel\u00e1r ellen\u00e9ben van\u00edlia sz\u00edn\u0171 pap\u00edr.<\/p>\n<p><span class=\"style1\"><strong>Jegyzetlapok<\/strong>:<\/span>\u00a0Az egyedi hat\u00e1rid\u0151napl\u00f3 v\u00e9g\u00e9n 12 jegyzetoldal tal\u00e1lhat\u00f3.<\/p>\n<p><span class=\"style1\"><strong>\u00d6sszes\u00edtett napt\u00e1r<\/strong>:<\/span>\u00a0Az egyedi hat\u00e1rid\u0151napl\u00f3k elej\u00e9n \u00f6sszes\u00edtett \u00e9ves, havi lebont\u00e1s\u00fa \u00e1ttekint\u0151 napt\u00e1r tal\u00e1lhat\u00f3.<\/p>\n<h3><strong>Heti t\u00edpusok, \u00f3rabeoszt\u00e1sok:<\/strong><\/h3>\n<p><strong>A\/5, standard hat\u00e1rid\u0151napl\u00f3:<\/strong>\u00a0heti kioszt\u00e1s\u00fa egyedi hat\u00e1rid\u0151napl\u00f3, 7-21-ig f\u00e9l\u00f3r\u00e1s beoszt\u00e1ssal.<br \/>\n<strong>A\/5, nagyfot\u00f3s, hat\u00e1rid\u0151napl\u00f3:<\/strong> heti kioszt\u00e1s\u00fa egyedi hat\u00e1rid\u0151napl\u00f3, \u00f3rabeoszt\u00e1s n\u00e9lk\u00fcl. F\u00e9l oldal m\u00e9ret\u0171 k\u00e9pet tartalmaz.<br \/>\n<strong>A\/6, standard hat\u00e1rid\u0151napl\u00f3:<\/strong>\u00a0heti kioszt\u00e1s\u00fa egyedi hat\u00e1rid\u0151napl\u00f3, 8-18 \u00f3r\u00e1ig f\u00e9l\u00f3r\u00e1s beoszt\u00e1ssal<br \/>\n<strong>A\/6, nagyfot\u00f3s hat\u00e1rid\u0151napl\u00f3:<\/strong>\u00a0heti kioszt\u00e1s\u00fa egyedi hat\u00e1rid\u0151napl\u00f3, 8-16 \u00f3r\u00e1ig \u00f3r\u00e1s beoszt\u00e1ssal. F\u00e9l oldal m\u00e9ret\u0171 k\u00e9pet tartalmaz.<br \/>\n<strong>A\/4, standard, nagyfot\u00f3s hat\u00e1rid\u0151napl\u00f3:<\/strong>\u00a0szerkeszt\u00e9s\u00e9ben megegyezik az A\/5-\u00f6s egyedi hat\u00e1rid\u0151napl\u00f3val, csak ar\u00e1nyosan nagyobb.<br \/>\n<strong>Mindegyik<\/strong>\u00a0fajta egyedi hat\u00e1rid\u0151napl\u00f3\u00a0<strong>tartalmazza a n\u00e9vnapokat<\/strong>.<\/p>\n<h3><strong>Napi t\u00edpus\u00fa egyedi hat\u00e1rid\u0151napl\u00f3<\/strong><\/h3>\n<p><strong>Oldalsz\u00e1m<\/strong>: 328 oldal<br \/>\n<strong>Kioszt\u00e1s<\/strong>: egy nap egy oldalon, egy oldalp\u00e1ron egy k\u00e9p. Szo-Vas egy oldalon.<br \/>\n<strong>K\u00e9pek sz\u00e1ma<\/strong>: 53+1, vagy 12+1 (a &#8220;+1&#8221; a bels\u0151 c\u00edmlap).<br \/>\nA Napi-54 t\u00edpusba 53+1 k\u00e9p f\u00e9r, a k\u00e9pek fekv\u0151 form\u00e1tum\u00faak. Az \u00e1ll\u00f3 k\u00e9pek eset\u00e9ben bal-jobb oldalon \u00fcres marad a k\u00e9phely.<br \/>\nA Napi-12 t\u00edpusba 12+1 k\u00e9pet lehet tenni. Ebben az esetben a k\u00e9pek \u00e1ll\u00f3 form\u00e1tum\u00faak. Fekv\u0151 k\u00e9pekn\u00e9l itt alul-fel\u00fcl lesz \u00fcres a k\u00e9phely.<br \/>\n<strong>\u00d3rabeoszt\u00e1s<\/strong>: 8-18 \u00f3r\u00e1ig f\u00e9l\u00f3r\u00e1nk\u00e9nt<br \/>\nNapi-54: H\u00e9tf\u0151t\u0151l p\u00e9ntekig napt\u00e1rr\u00e9sz, \u00e9s alul plusz jegyzet lehet\u0151s\u00e9g, szombat-vas\u00e1rnap egy f\u00e9loldalon, alatta f\u00e9loldalnyi k\u00e9p.<br \/>\nNapi-12: szombat-vas\u00e1rnap alatt jegyzetr\u00e9sz, mint a t\u00f6bbi napn\u00e1l.<br \/>\nN\u00e9vnapokat tartalmaz, elej\u00e9n itt is van \u00f6sszes\u00edtett napt\u00e1r, v\u00e9g\u00e9n 11 oldal jegyzetlap.<\/p>\n<h3>\u00d6r\u00f6knapt\u00e1r-Napi<\/h3>\n<p><strong>Napi kioszt\u00e1s,<br \/>\nM\u00e9ret: <\/strong>csak A\/5 m\u00e9retben lehets\u00e9ges<strong><br \/>\nOldalsz\u00e1m<\/strong>: 384<br \/>\n<strong>Fot\u00f3k sz\u00e1ma<\/strong>: 1 db fot\u00f3t lehet elhelyezni a bels\u0151 c\u00edmlapon, t\u00f6bb fot\u00f3 nincs bel\u00fcl.<br \/>\n<strong>Bor\u00edt\u00f3<\/strong>: A fot\u00f3s bor\u00edt\u00f3 benne van az \u00e1rban<br \/>\n<strong>Fot\u00f3 m\u00e9rete<\/strong>: (bels\u0151 c\u00edmlap) 118x180mm, \u00e1ll\u00f3<br \/>\n<strong>\u00d3rabeoszt\u00e1s<\/strong>: 8-20-ig, f\u00e9l\u00f3r\u00e1nk\u00e9nt,<br \/>\n<strong>Napt\u00e1r<\/strong>: 1 nap 1 oldalon<br \/>\n<strong>Jegyzet<\/strong>: 8-8 oldal az elej\u00e9n \u00e9s a v\u00e9g\u00e9n<\/p>\n","protected":false},"excerpt":{"rendered":"<p>Az egyedi hat\u00e1rid\u0151napl\u00f3 elk\u00e9sz\u00edt\u00e9si hat\u00e1rideje: A kar\u00e1csonyi szezonban (okt\u00f3bert\u0151l decemberig) az egyedi [&hellip;]<\/p>\n","protected":false},"author":1,"featured_media":0,"parent":37,"menu_order":0,"comment_status":"closed","ping_status":"closed","template":"","meta":[],"_links":{"self":[{"href":"https:\/\/egyedi.eu\/hatn\/wp-json\/wp\/v2\/pages\/62"}],"collection":[{"href":"https:\/\/egyedi.eu\/hatn\/wp-json\/wp\/v2\/pages"}],"about":[{"href":"https:\/\/egyedi.eu\/hatn\/wp-json\/wp\/v2\/types\/page"}],"author":[{"embeddable":true,"href":"https:\/\/egyedi.eu\/hatn\/wp-json\/wp\/v2\/users\/1"}],"replies":[{"embeddable":true,"href":"https:\/\/egyedi.eu\/hatn\/wp-json\/wp\/v2\/comments?post=62"}],"version-history":[{"count":47,"href":"https:\/\/egyedi.eu\/hatn\/wp-json\/wp\/v2\/pages\/62\/revisions"}],"predecessor-version":[{"id":949,"href":"https:\/\/egyedi.eu\/hatn\/wp-json\/wp\/v2\/pages\/62\/revisions\/949"}],"up":[{"embeddable":true,"href":"https:\/\/egyedi.eu\/hatn\/wp-json\/wp\/v2\/pages\/37"}],"wp:attachment":[{"href":"https:\/\/egyedi.eu\/hatn\/wp-json\/wp\/v2\/media?parent=62"}],"curies":[{"name":"wp","href":"https:\/\/api.w.org\/{rel}","templated":true}]}}