{"id":66,"date":"2018-08-02T15:04:41","date_gmt":"2018-08-02T15:04:41","guid":{"rendered":"https:\/\/egyedi.eu\/hatn2\/?page_id=66"},"modified":"2022-10-14T10:01:40","modified_gmt":"2022-10-14T10:01:40","slug":"tipusok-egyedi-hataridonaplo-2","status":"publish","type":"page","link":"https:\/\/egyedi.eu\/hatn\/egyedi-hataridonaplo\/tipusok-egyedi-hataridonaplo-2\/","title":{"rendered":"Egyedi hat\u00e1rid\u0151napl\u00f3 t\u00edpusok"},"content":{"rendered":"\n<p>Az egyedi hat\u00e1rid\u0151napl\u00f3 t\u00edpusokr\u00f3l itt l\u00e1that\u00f3 egy-egy oldalp\u00e1r minta, valamint egy r\u00e9szletes le\u00edr\u00e1s.<br>Tov\u00e1bbi inf\u00f3kat tal\u00e1l a <a href=\"https:\/\/egyedi.eu\/hatn\/egyedi-hataridonaplo\/technikai-infok-egyedi-hataridonaplo\/\">technikai inform\u00e1ci\u00f3k<\/a> oldalon.<\/p>\n\n\n<table border=\"0\" width=\"800\">\n<tbody>\n<tr>\n<td width=\"500\">\n<p>\u00a0<\/p>\n<p><img loading=\"lazy\" class=\"alignnone size-full wp-image-728\" src=\"https:\/\/egyedi.eu\/hatn\/wp-content\/uploads\/2022\/10\/standard-mintalap.jpg\" alt=\"Standard egyedi hat\u00e1rid\u0151napl\u00f3 mintalap\" width=\"800\" height=\"565\" srcset=\"https:\/\/egyedi.eu\/hatn\/wp-content\/uploads\/2022\/10\/standard-mintalap.jpg 800w, https:\/\/egyedi.eu\/hatn\/wp-content\/uploads\/2022\/10\/standard-mintalap-300x212.jpg 300w, https:\/\/egyedi.eu\/hatn\/wp-content\/uploads\/2022\/10\/standard-mintalap-768x542.jpg 768w, https:\/\/egyedi.eu\/hatn\/wp-content\/uploads\/2022\/10\/standard-mintalap-230x162.jpg 230w, https:\/\/egyedi.eu\/hatn\/wp-content\/uploads\/2022\/10\/standard-mintalap-350x247.jpg 350w, https:\/\/egyedi.eu\/hatn\/wp-content\/uploads\/2022\/10\/standard-mintalap-480x339.jpg 480w, https:\/\/egyedi.eu\/hatn\/wp-content\/uploads\/2022\/10\/standard-mintalap-600x424.jpg 600w\" sizes=\"(max-width: 800px) 100vw, 800px\" \/><\/p>\n<p style=\"text-align: center;\"><a href=\"https:\/\/egyedi.eu\/hatn\/termek\/egyedi-hataridonaplo\/\"><strong>Ezt v\u00e1lasztom!<\/strong><\/a><\/p>\n<\/td>\n<td>\n<h3>Standard egyedi hat\u00e1rid\u0151napl\u00f3:<\/h3>\n<p><strong>Heti kioszt\u00e1s,<br \/>Oldalsz\u00e1m<\/strong>: 120<br \/><strong>Fot\u00f3k sz\u00e1ma<\/strong>: 53+1<br \/><strong>Fot\u00f3k m\u00e9rete<\/strong>: 70x50mm, fekv\u0151<br \/><strong>\u00d3rabeoszt\u00e1s<\/strong>: H-Cs: 7-21, P: 7-16.30-ig f\u00e9l\u00f3r\u00e1nk\u00e9nt, Szo-V: 9 sor<br \/><strong>Napt\u00e1r<\/strong>: 1 h\u00e9t: 2 oldalon<br \/><strong>Bal oldal<\/strong>: H-Sze-ig napt\u00e1rr\u00e9sz<br \/><strong>Jobb oldal<\/strong>: Cs-V-ig napt\u00e1rr\u00e9sz + fot\u00f3<br \/><strong>Fot\u00f3 n\u00e9lk\u00fcli t\u00edpusn\u00e1l<\/strong>: nincs fot\u00f3r\u00e9sz, az \u00f3rabeoszt\u00e1s v\u00e9gig megy a lap alj\u00e1ig.<br \/><strong>Jegyzet<\/strong>: 12 oldal a v\u00e9g\u00e9n<\/p>\n<\/td>\n<\/tr>\n<tr>\n<td width=\"500\">\n<p><img loading=\"lazy\" class=\"alignnone size-full wp-image-730\" src=\"https:\/\/egyedi.eu\/hatn\/wp-content\/uploads\/2022\/10\/standard-12-mintalap.jpg\" alt=\"Standard-12 egyedi hat\u00e1rid\u0151napl\u00f3 mintalap\" width=\"800\" height=\"565\" srcset=\"https:\/\/egyedi.eu\/hatn\/wp-content\/uploads\/2022\/10\/standard-12-mintalap.jpg 800w, https:\/\/egyedi.eu\/hatn\/wp-content\/uploads\/2022\/10\/standard-12-mintalap-300x212.jpg 300w, https:\/\/egyedi.eu\/hatn\/wp-content\/uploads\/2022\/10\/standard-12-mintalap-768x542.jpg 768w, https:\/\/egyedi.eu\/hatn\/wp-content\/uploads\/2022\/10\/standard-12-mintalap-230x162.jpg 230w, https:\/\/egyedi.eu\/hatn\/wp-content\/uploads\/2022\/10\/standard-12-mintalap-350x247.jpg 350w, https:\/\/egyedi.eu\/hatn\/wp-content\/uploads\/2022\/10\/standard-12-mintalap-480x339.jpg 480w, https:\/\/egyedi.eu\/hatn\/wp-content\/uploads\/2022\/10\/standard-12-mintalap-600x424.jpg 600w\" sizes=\"(max-width: 800px) 100vw, 800px\" \/><\/p>\n<p style=\"text-align: center;\"><a href=\"https:\/\/egyedi.eu\/hatn\/termek\/egyedi-hataridonaplo\/\"><strong>Ezt v\u00e1lasztom!<\/strong><\/a><\/p>\n<\/td>\n<td>\n<h3>Standard-12 egyedi hat\u00e1rid\u0151napl\u00f3:<\/h3>\n<p><strong>Heti kioszt\u00e1s,<br \/>Oldalsz\u00e1m<\/strong>: 120<br \/><strong>Fot\u00f3k sz\u00e1ma<\/strong>: 12+1<br \/><strong>Fot\u00f3k m\u00e9rete<\/strong>: 118x180mm, \u00e1ll\u00f3<br \/><strong>\u00d3rabeoszt\u00e1s<\/strong>: H-P: 7-21, f\u00e9l\u00f3r\u00e1nk\u00e9nt, Szo: 14 sor, V: 13 sor<br \/><strong>Napt\u00e1r<\/strong>: 1 h\u00e9t: 2 oldalon<br \/><strong>Bal oldal<\/strong>: H-Sze-ig napt\u00e1rr\u00e9sz<br \/><strong>Jobb oldal<\/strong>: Cs-V-ig napt\u00e1rr\u00e9sz, minden h\u00f3napkezd\u00e9sn\u00e9l 1-1 eg\u00e9sz oldalas k\u00e9p, a k\u00e9p h\u00e1toldala jegyzetoldal<br \/><strong>Jegyzet<\/strong>: 12 oldal a v\u00e9g\u00e9n<\/p>\n<\/td>\n<\/tr>\n<tr>\n<td width=\"500\">\n<p><img loading=\"lazy\" class=\"alignnone size-full wp-image-731\" src=\"https:\/\/egyedi.eu\/hatn\/wp-content\/uploads\/2022\/10\/kombinalt-mintalap.jpg\" alt=\"Kombin\u00e1lt egyedi hat\u00e1rid\u0151napl\u00f3 mintalap\" width=\"800\" height=\"565\" srcset=\"https:\/\/egyedi.eu\/hatn\/wp-content\/uploads\/2022\/10\/kombinalt-mintalap.jpg 800w, https:\/\/egyedi.eu\/hatn\/wp-content\/uploads\/2022\/10\/kombinalt-mintalap-300x212.jpg 300w, https:\/\/egyedi.eu\/hatn\/wp-content\/uploads\/2022\/10\/kombinalt-mintalap-768x542.jpg 768w, https:\/\/egyedi.eu\/hatn\/wp-content\/uploads\/2022\/10\/kombinalt-mintalap-230x162.jpg 230w, https:\/\/egyedi.eu\/hatn\/wp-content\/uploads\/2022\/10\/kombinalt-mintalap-350x247.jpg 350w, https:\/\/egyedi.eu\/hatn\/wp-content\/uploads\/2022\/10\/kombinalt-mintalap-480x339.jpg 480w, https:\/\/egyedi.eu\/hatn\/wp-content\/uploads\/2022\/10\/kombinalt-mintalap-600x424.jpg 600w\" sizes=\"(max-width: 800px) 100vw, 800px\" \/><\/p>\n<p style=\"text-align: center;\"><a href=\"https:\/\/egyedi.eu\/hatn\/termek\/egyedi-hataridonaplo\/\"><strong>Ezt v\u00e1lasztom!<\/strong><\/a><\/p>\n<\/td>\n<td>\n<h3>Kombin\u00e1lt egyedi hat\u00e1rid\u0151napl\u00f3:<\/h3>\n<p><strong>Heti kioszt\u00e1s,<br \/>Oldalsz\u00e1m<\/strong>: 120<br \/><strong>Fot\u00f3k sz\u00e1ma<\/strong>: 53+1<br \/><strong>Fot\u00f3k m\u00e9rete<\/strong>: 70x50mm, fekv\u0151<br \/><strong>\u00d3rabeoszt\u00e1s<\/strong>: 8-18-ig, f\u00e9l\u00f3r\u00e1nk\u00e9nt<br \/><strong>Napt\u00e1r<\/strong>: 1 h\u00e9t: 2 oldalon<br \/><strong>Bal oldal<\/strong>: H-Sze-ig napt\u00e1rr\u00e9sz+8 sor feladatlista<br \/><strong>Jobb oldal<\/strong>: Cs-V-ig napt\u00e1rr\u00e9sz + fot\u00f3+\u00f6sszes\u00edtett napt\u00e1r<br \/><strong>Fot\u00f3 n\u00e9lk\u00fcli t\u00edpusn\u00e1l: <\/strong>a k\u00e9p helyett jegyzet van.<br \/><strong>Jegyzet<\/strong>: 12 oldal a v\u00e9g\u00e9n<\/p>\n<\/td>\n<\/tr>\n<tr>\n<td width=\"500\">\n<p><img loading=\"lazy\" class=\"alignnone size-full wp-image-732\" src=\"https:\/\/egyedi.eu\/hatn\/wp-content\/uploads\/2022\/10\/nagyfotos-mintalap.jpg\" alt=\"Nagyfot\u00f3s egyedi hat\u00e1rid\u0151napl\u00f3 mintaoldal\" width=\"800\" height=\"565\" srcset=\"https:\/\/egyedi.eu\/hatn\/wp-content\/uploads\/2022\/10\/nagyfotos-mintalap.jpg 800w, https:\/\/egyedi.eu\/hatn\/wp-content\/uploads\/2022\/10\/nagyfotos-mintalap-300x212.jpg 300w, https:\/\/egyedi.eu\/hatn\/wp-content\/uploads\/2022\/10\/nagyfotos-mintalap-768x542.jpg 768w, https:\/\/egyedi.eu\/hatn\/wp-content\/uploads\/2022\/10\/nagyfotos-mintalap-230x162.jpg 230w, https:\/\/egyedi.eu\/hatn\/wp-content\/uploads\/2022\/10\/nagyfotos-mintalap-350x247.jpg 350w, https:\/\/egyedi.eu\/hatn\/wp-content\/uploads\/2022\/10\/nagyfotos-mintalap-480x339.jpg 480w, https:\/\/egyedi.eu\/hatn\/wp-content\/uploads\/2022\/10\/nagyfotos-mintalap-600x424.jpg 600w\" sizes=\"(max-width: 800px) 100vw, 800px\" \/><\/p>\n<p style=\"text-align: center;\"><a href=\"https:\/\/egyedi.eu\/hatn\/termek\/egyedi-hataridonaplo\/\"><strong>Ezt v\u00e1lasztom!<\/strong><\/a><\/p>\n<\/td>\n<td>\n<h3>Nagyfot\u00f3s egyedi hat\u00e1rid\u0151napl\u00f3:<\/h3>\n<p><strong>Heti kioszt\u00e1s,<br \/>Oldalsz\u00e1m<\/strong>: 120<br \/><strong>Fot\u00f3k sz\u00e1ma<\/strong>: 53+1<br \/><strong>Fot\u00f3k m\u00e9rete<\/strong>: 118x89mm, fekv\u0151<br \/><strong>\u00d3rabeoszt\u00e1s<\/strong>: nincs, csak 7 \u00fcres sor<br \/><strong>Napt\u00e1r<\/strong>: 1 h\u00e9t: 2 oldalon<br \/><strong>Bal oldal<\/strong>: H-P-ig napt\u00e1rr\u00e9sz<br \/><strong>Jobb oldal<\/strong>: Szo-V-ig napt\u00e1rr\u00e9sz + fot\u00f3+jegyzet<br \/><strong>Jegyzet<\/strong>: 12 oldal a v\u00e9g\u00e9n<\/p>\n<\/td>\n<\/tr>\n<tr>\n<td width=\"500\">\n<p><img loading=\"lazy\" class=\"alignnone size-full wp-image-733\" src=\"https:\/\/egyedi.eu\/hatn\/wp-content\/uploads\/2022\/10\/extra-mintalap.jpg\" alt=\"Extra egyedi hat\u00e1rid\u0151napl\u00f3 mintaoldal\" width=\"800\" height=\"565\" srcset=\"https:\/\/egyedi.eu\/hatn\/wp-content\/uploads\/2022\/10\/extra-mintalap.jpg 800w, https:\/\/egyedi.eu\/hatn\/wp-content\/uploads\/2022\/10\/extra-mintalap-300x212.jpg 300w, https:\/\/egyedi.eu\/hatn\/wp-content\/uploads\/2022\/10\/extra-mintalap-768x542.jpg 768w, https:\/\/egyedi.eu\/hatn\/wp-content\/uploads\/2022\/10\/extra-mintalap-230x162.jpg 230w, https:\/\/egyedi.eu\/hatn\/wp-content\/uploads\/2022\/10\/extra-mintalap-350x247.jpg 350w, https:\/\/egyedi.eu\/hatn\/wp-content\/uploads\/2022\/10\/extra-mintalap-480x339.jpg 480w, https:\/\/egyedi.eu\/hatn\/wp-content\/uploads\/2022\/10\/extra-mintalap-600x424.jpg 600w\" sizes=\"(max-width: 800px) 100vw, 800px\" \/><\/p>\n<p style=\"text-align: center;\"><a href=\"https:\/\/egyedi.eu\/hatn\/termek\/egyedi-hataridonaplo\/\"><strong>Ezt v\u00e1lasztom!<\/strong><\/a><\/p>\n<\/td>\n<td>\n<h3>Extra egyedi hat\u00e1rid\u0151napl\u00f3:<\/h3>\n<p><strong>Heti kioszt\u00e1s,<br \/>Oldalsz\u00e1m<\/strong>: 120<br \/><strong>Fot\u00f3k sz\u00e1ma<\/strong>: 53+1<br \/><strong>Fot\u00f3k m\u00e9rete<\/strong>: 118x89mm, fekv\u0151<br \/><strong>\u00d3rabeoszt\u00e1s<\/strong>: 7-18-ig, \u00f3r\u00e1nk\u00e9nt<br \/><strong>Napt\u00e1r<\/strong>: 1 h\u00e9t: 1 oldalon<br \/><strong>Bal oldal<\/strong>: H-V-ig napt\u00e1r<br \/><strong>Jobb oldal<\/strong>: fot\u00f3+jegyzet<br \/><strong>Fot\u00f3 n\u00e9lk\u00fcli t\u00edpusn\u00e1l:<\/strong> a jobb oldal teljes oldal jegyzetet tartalmaz k\u00e9p n\u00e9lk\u00fcl.<br \/><strong>Jegyzet<\/strong>: 12 oldal a v\u00e9g\u00e9n<\/p>\n<\/td>\n<\/tr>\n<tr>\n<td width=\"500\">\n<p><img loading=\"lazy\" class=\"alignnone size-full wp-image-734\" src=\"https:\/\/egyedi.eu\/hatn\/wp-content\/uploads\/2022\/10\/extra-12-mintalap.jpg\" alt=\"Extra-12 egyedi hat\u00e1rid\u0151napl\u00f3 mintaoldal\" width=\"800\" height=\"565\" srcset=\"https:\/\/egyedi.eu\/hatn\/wp-content\/uploads\/2022\/10\/extra-12-mintalap.jpg 800w, https:\/\/egyedi.eu\/hatn\/wp-content\/uploads\/2022\/10\/extra-12-mintalap-300x212.jpg 300w, https:\/\/egyedi.eu\/hatn\/wp-content\/uploads\/2022\/10\/extra-12-mintalap-768x542.jpg 768w, https:\/\/egyedi.eu\/hatn\/wp-content\/uploads\/2022\/10\/extra-12-mintalap-230x162.jpg 230w, https:\/\/egyedi.eu\/hatn\/wp-content\/uploads\/2022\/10\/extra-12-mintalap-350x247.jpg 350w, https:\/\/egyedi.eu\/hatn\/wp-content\/uploads\/2022\/10\/extra-12-mintalap-480x339.jpg 480w, https:\/\/egyedi.eu\/hatn\/wp-content\/uploads\/2022\/10\/extra-12-mintalap-600x424.jpg 600w\" sizes=\"(max-width: 800px) 100vw, 800px\" \/><\/p>\n<p style=\"text-align: center;\"><a href=\"https:\/\/egyedi.eu\/hatn\/termek\/egyedi-hataridonaplo\/\"><strong>Ezt v\u00e1lasztom!<\/strong><\/a><\/p>\n<\/td>\n<td>\n<h3>Extra-12 egyedi hat\u00e1rid\u0151napl\u00f3:<\/h3>\n<p><strong>Heti kioszt\u00e1s,<br \/>Oldalsz\u00e1m<\/strong>: 120<br \/><strong>Fot\u00f3k sz\u00e1ma<\/strong>: <strong>Extra-12<\/strong>: 12+1,<br \/><strong>Fot\u00f3k m\u00e9rete<\/strong>: 118x180mm, \u00e1ll\u00f3<br \/><strong>\u00d3rabeoszt\u00e1s<\/strong>: 7-18-ig, \u00f3r\u00e1nk\u00e9nt<br \/><strong>Napt\u00e1r<\/strong>: 1 h\u00e9t: 1 oldalon<br \/><strong>Bal oldal<\/strong>: H-V-ig napt\u00e1r<br \/><strong>Jobb oldal<\/strong>:<strong><br \/>Extra-12<\/strong>: minden h\u00f3napkezd\u00e9sn\u00e9l 1-1 eg\u00e9sz oldalas k\u00e9p, t\u00f6bbi oldalon eg\u00e9sz oldalas jegyzet<br \/><strong>Jegyzet<\/strong>: 12 oldal a v\u00e9g\u00e9n<br \/><strong>A Full t\u00edpus megsz\u0171nt.\u00a0<\/strong><\/p>\n<\/td>\n<\/tr>\n<tr>\n<td width=\"500\">\n<p><img loading=\"lazy\" class=\"alignnone size-full wp-image-735\" src=\"https:\/\/egyedi.eu\/hatn\/wp-content\/uploads\/2022\/10\/napi-54-mintalap.jpg\" alt=\"Napi-54 egyedi hat\u00e1rid\u0151napl\u00f3 mintaoldal\" width=\"800\" height=\"565\" srcset=\"https:\/\/egyedi.eu\/hatn\/wp-content\/uploads\/2022\/10\/napi-54-mintalap.jpg 800w, https:\/\/egyedi.eu\/hatn\/wp-content\/uploads\/2022\/10\/napi-54-mintalap-300x212.jpg 300w, https:\/\/egyedi.eu\/hatn\/wp-content\/uploads\/2022\/10\/napi-54-mintalap-768x542.jpg 768w, https:\/\/egyedi.eu\/hatn\/wp-content\/uploads\/2022\/10\/napi-54-mintalap-230x162.jpg 230w, https:\/\/egyedi.eu\/hatn\/wp-content\/uploads\/2022\/10\/napi-54-mintalap-350x247.jpg 350w, https:\/\/egyedi.eu\/hatn\/wp-content\/uploads\/2022\/10\/napi-54-mintalap-480x339.jpg 480w, https:\/\/egyedi.eu\/hatn\/wp-content\/uploads\/2022\/10\/napi-54-mintalap-600x424.jpg 600w\" sizes=\"(max-width: 800px) 100vw, 800px\" \/><\/p>\n<p style=\"text-align: center;\"><a href=\"https:\/\/egyedi.eu\/hatn\/termek\/egyedi-hataridonaplo\/\"><strong>Ezt v\u00e1lasztom!<\/strong><\/a><\/p>\n<\/td>\n<td>\n<h3>Napi-54 egyedi hat\u00e1rid\u0151napl\u00f3:<\/h3>\n<p><strong>Napi kioszt\u00e1s,<br \/>Oldalsz\u00e1m<\/strong>: 320<br \/><strong>Fot\u00f3k sz\u00e1ma<\/strong>:53+1<br \/><strong>Fot\u00f3k m\u00e9rete<\/strong>: 118x88mm, fekv\u0151<br \/><strong>\u00d3rabeoszt\u00e1s<\/strong>: 8-18-ig, f\u00e9l\u00f3r\u00e1nk\u00e9nt,<br \/>Sz-V: 8-16-ig \u00f3r\u00e1nk\u00e9nt, egy oldalon<br \/><strong>Napt\u00e1r<\/strong>: 1 nap 1 oldaon, Szo-V: egy\u00fctt 1 oldalon<br \/><strong>Napt\u00e1r: h\u00e9tf\u0151-p\u00e9ntek<\/strong>: Napt\u00e1rr\u00e9sz, + alul jegyzet: 118x50mm<br \/><strong>Szombat-vas\u00e1rnap<\/strong>: Napt\u00e1rr\u00e9sz 5-5 sorral, + fot\u00f3: 118x88mm<br \/><strong>Jegyzet<\/strong>: Minden oldalon, + 3 oldal a v\u00e9g\u00e9n<\/p>\n<\/td>\n<\/tr>\n<tr>\n<td width=\"500\">\n<p><img loading=\"lazy\" class=\"alignnone size-full wp-image-736\" src=\"https:\/\/egyedi.eu\/hatn\/wp-content\/uploads\/2022\/10\/napi-12-mintalap.jpg\" alt=\"Napi-12 egyedi hat\u00e1rid\u0151napl\u00f3 mintaoldal\" width=\"800\" height=\"565\" srcset=\"https:\/\/egyedi.eu\/hatn\/wp-content\/uploads\/2022\/10\/napi-12-mintalap.jpg 800w, https:\/\/egyedi.eu\/hatn\/wp-content\/uploads\/2022\/10\/napi-12-mintalap-300x212.jpg 300w, https:\/\/egyedi.eu\/hatn\/wp-content\/uploads\/2022\/10\/napi-12-mintalap-768x542.jpg 768w, https:\/\/egyedi.eu\/hatn\/wp-content\/uploads\/2022\/10\/napi-12-mintalap-230x162.jpg 230w, https:\/\/egyedi.eu\/hatn\/wp-content\/uploads\/2022\/10\/napi-12-mintalap-350x247.jpg 350w, https:\/\/egyedi.eu\/hatn\/wp-content\/uploads\/2022\/10\/napi-12-mintalap-480x339.jpg 480w, https:\/\/egyedi.eu\/hatn\/wp-content\/uploads\/2022\/10\/napi-12-mintalap-600x424.jpg 600w\" sizes=\"(max-width: 800px) 100vw, 800px\" \/><\/p>\n<p style=\"text-align: center;\"><a href=\"https:\/\/egyedi.eu\/hatn\/termek\/egyedi-hataridonaplo\/\"><strong>Ezt v\u00e1lasztom!<\/strong><\/a><\/p>\n<\/td>\n<td>\n<h3>Napi-12 egyedi hat\u00e1rid\u0151napl\u00f3:<\/h3>\n<p><strong>Napi kioszt\u00e1s,<br \/>Oldalsz\u00e1m<\/strong>: 328<br \/><strong>Fot\u00f3k sz\u00e1ma<\/strong>: 12+1<br \/><strong>Fot\u00f3k m\u00e9rete<\/strong>: 118x180mm, \u00e1ll\u00f3<br \/><strong>\u00d3rabeoszt\u00e1s<\/strong>: 8-18-ig, f\u00e9l\u00f3r\u00e1nk\u00e9nt,<br \/>Sz-V: 8-16-ig \u00f3r\u00e1nk\u00e9nt, egy oldalon<br \/><strong>Napt\u00e1r<\/strong>: 1 nap 1 oldalon, Szo-V: egy\u00fctt 1 oldalon<br \/><strong>Bal oldal<\/strong>: Napt\u00e1rr\u00e9sz, + alul jegyzet: 118x50mm<br \/><strong>Jobb oldal<\/strong>: Napt\u00e1rr\u00e9sz+jegyzet, vagy minden h\u00f3napkezd\u00e9sn\u00e9l 1-1 eg\u00e9sz oldalas k\u00e9p<br \/><strong>Jegyzet<\/strong>: Minden oldalon, + 3 oldal a v\u00e9g\u00e9n<\/p>\n<\/td>\n<\/tr>\n<tr>\n<td width=\"500\"><img loading=\"lazy\" class=\"alignnone wp-image-225\" src=\"https:\/\/egyedi.eu\/hatn\/wp-content\/uploads\/2018\/08\/oroknaptar-napi-300x213.jpg\" alt=\"\" width=\"500\" height=\"354\" srcset=\"https:\/\/egyedi.eu\/hatn\/wp-content\/uploads\/2018\/08\/oroknaptar-napi-300x213.jpg 300w, https:\/\/egyedi.eu\/hatn\/wp-content\/uploads\/2018\/08\/oroknaptar-napi-600x425.jpg 600w, https:\/\/egyedi.eu\/hatn\/wp-content\/uploads\/2018\/08\/oroknaptar-napi-768x544.jpg 768w, https:\/\/egyedi.eu\/hatn\/wp-content\/uploads\/2018\/08\/oroknaptar-napi-230x163.jpg 230w, https:\/\/egyedi.eu\/hatn\/wp-content\/uploads\/2018\/08\/oroknaptar-napi-350x248.jpg 350w, https:\/\/egyedi.eu\/hatn\/wp-content\/uploads\/2018\/08\/oroknaptar-napi-480x340.jpg 480w, https:\/\/egyedi.eu\/hatn\/wp-content\/uploads\/2018\/08\/oroknaptar-napi.jpg 800w\" sizes=\"(max-width: 500px) 100vw, 500px\" \/><\/td>\n<td>\n<h3>\u00d6r\u00f6knapt\u00e1r-Napi hat\u00e1rid\u0151napl\u00f3:<\/h3>\n<p><strong>Napi kioszt\u00e1s,<br \/>M\u00e9ret: <\/strong>csak A\/5<strong><br \/>Oldalsz\u00e1m<\/strong>: 384<br \/><strong>Fot\u00f3k sz\u00e1ma<\/strong>: 1 (bels\u0151 c\u00edmlapon), t\u00f6bb fot\u00f3 nincs bel\u00fcl<br \/><strong>Bor\u00edt\u00f3<\/strong>: A fot\u00f3s bor\u00edt\u00f3 benne van az \u00e1rban<br \/><strong>Fot\u00f3 m\u00e9rete<\/strong>: (bels\u0151 c\u00edmlap) 118x180mm, \u00e1ll\u00f3<br \/><strong>\u00d3rabeoszt\u00e1s<\/strong>: 8-20-ig, f\u00e9l\u00f3r\u00e1nk\u00e9nt<br \/><strong>Napt\u00e1r<\/strong>: 1 nap 1 oldalon<br \/><strong>Jegyzet<\/strong>: 8-8 oldal az elej\u00e9n \u00e9s a v\u00e9g\u00e9n<\/p>\n<\/td>\n<\/tr>\n<\/tbody>\n<\/table>","protected":false},"excerpt":{"rendered":"<p>Az egyedi hat\u00e1rid\u0151napl\u00f3 t\u00edpusokr\u00f3l itt l\u00e1that\u00f3 egy-egy oldalp\u00e1r minta, valamint egy r\u00e9szletes [&hellip;]<\/p>\n","protected":false},"author":1,"featured_media":0,"parent":37,"menu_order":0,"comment_status":"closed","ping_status":"closed","template":"","meta":[],"_links":{"self":[{"href":"https:\/\/egyedi.eu\/hatn\/wp-json\/wp\/v2\/pages\/66"}],"collection":[{"href":"https:\/\/egyedi.eu\/hatn\/wp-json\/wp\/v2\/pages"}],"about":[{"href":"https:\/\/egyedi.eu\/hatn\/wp-json\/wp\/v2\/types\/page"}],"author":[{"embeddable":true,"href":"https:\/\/egyedi.eu\/hatn\/wp-json\/wp\/v2\/users\/1"}],"replies":[{"embeddable":true,"href":"https:\/\/egyedi.eu\/hatn\/wp-json\/wp\/v2\/comments?post=66"}],"version-history":[{"count":43,"href":"https:\/\/egyedi.eu\/hatn\/wp-json\/wp\/v2\/pages\/66\/revisions"}],"predecessor-version":[{"id":750,"href":"https:\/\/egyedi.eu\/hatn\/wp-json\/wp\/v2\/pages\/66\/revisions\/750"}],"up":[{"embeddable":true,"href":"https:\/\/egyedi.eu\/hatn\/wp-json\/wp\/v2\/pages\/37"}],"wp:attachment":[{"href":"https:\/\/egyedi.eu\/hatn\/wp-json\/wp\/v2\/media?parent=66"}],"curies":[{"name":"wp","href":"https:\/\/api.w.org\/{rel}","templated":true}]}}