{"id":98,"date":"2018-08-14T07:14:45","date_gmt":"2018-08-14T07:14:45","guid":{"rendered":"https:\/\/egyedi.eu\/hatn2\/?page_id=98"},"modified":"2022-10-17T09:44:08","modified_gmt":"2022-10-17T09:44:08","slug":"minta-egyedi-hataridonaplo","status":"publish","type":"page","link":"https:\/\/egyedi.eu\/hatn\/egyedi-hataridonaplo\/minta-egyedi-hataridonaplo\/","title":{"rendered":"Egyedi hat\u00e1rid\u0151napl\u00f3 mint\u00e1k"},"content":{"rendered":"\n<p>Tov\u00e1bbi egyedi hat\u00e1rid\u0151napl\u00f3 mint\u00e1k a <a href=\"https:\/\/www.facebook.com\/kivulbelulegyedi\">Facebook oldalunkon (facebook.com\/kivulbelulegyedi)<\/a> l\u00e1that\u00f3ak.<\/p>\n\n\n\n\t\t<!-- MasterSlider -->\n\t\t<div id=\"P_MS69e7ce7ddb5ed\" class=\"master-slider-parent msl ms-parent-id-2\" style=\"max-width:800px;\"  >\n\n\t\t\t\n\t\t\t<!-- MasterSlider Main -->\n\t\t\t<div id=\"MS69e7ce7ddb5ed\" class=\"master-slider ms-skin-default\" >\n\t\t\t\t \t\t\t\t \n\t\t\t\t<div  class=\"ms-slide\" data-delay=\"3\" data-fill-mode=\"fill\"  >\n\t\t\t\t\t<img src=\"https:\/\/egyedi.eu\/hatn\/wp-content\/plugins\/master-slider\/public\/assets\/css\/blank.gif\" alt=\"00-k\" title=\"\" data-src=\"https:\/\/egyedi.eu\/hatn\/wp-content\/uploads\/2018\/08\/00-k.jpg\" \/>\n\n\n\t<div class=\"ms-thumb\" ><div class=\"ms-tab-context\"><div class=&quot;ms-tab-context&quot;><\/div><\/div>\n<\/div>\n\t\t\t\t<\/div>\n\t\t\t\t<div  class=\"ms-slide\" data-delay=\"3\" data-fill-mode=\"fill\"  >\n\t\t\t\t\t<img src=\"https:\/\/egyedi.eu\/hatn\/wp-content\/plugins\/master-slider\/public\/assets\/css\/blank.gif\" alt=\"02-k\" title=\"\" data-src=\"https:\/\/egyedi.eu\/hatn\/wp-content\/uploads\/2018\/08\/02-k.jpg\" \/>\n\n\n\t<div class=\"ms-thumb\" ><div class=\"ms-tab-context\"><div class=&quot;ms-tab-context&quot;><\/div><\/div>\n<\/div>\n\t\t\t\t<\/div>\n\t\t\t\t<div  class=\"ms-slide\" data-delay=\"3\" data-fill-mode=\"fill\"  >\n\t\t\t\t\t<img src=\"https:\/\/egyedi.eu\/hatn\/wp-content\/plugins\/master-slider\/public\/assets\/css\/blank.gif\" alt=\"01-k\" title=\"\" data-src=\"https:\/\/egyedi.eu\/hatn\/wp-content\/uploads\/2018\/08\/01-k.jpg\" \/>\n\n\n\t<div class=\"ms-thumb\" ><div class=\"ms-tab-context\"><div class=&quot;ms-tab-context&quot;><\/div><\/div>\n<\/div>\n\t\t\t\t<\/div>\n\t\t\t\t<div  class=\"ms-slide\" data-delay=\"3\" data-fill-mode=\"fill\"  >\n\t\t\t\t\t<img src=\"https:\/\/egyedi.eu\/hatn\/wp-content\/plugins\/master-slider\/public\/assets\/css\/blank.gif\" alt=\"03-k\" title=\"\" data-src=\"https:\/\/egyedi.eu\/hatn\/wp-content\/uploads\/2018\/08\/03-k.jpg\" \/>\n\n\n\t<div class=\"ms-thumb\" ><div class=\"ms-tab-context\"><div class=&quot;ms-tab-context&quot;><\/div><\/div>\n<\/div>\n\t\t\t\t<\/div>\n\t\t\t\t<div  class=\"ms-slide\" data-delay=\"3\" data-fill-mode=\"fill\"  >\n\t\t\t\t\t<img src=\"https:\/\/egyedi.eu\/hatn\/wp-content\/plugins\/master-slider\/public\/assets\/css\/blank.gif\" alt=\"08-k\" title=\"\" data-src=\"https:\/\/egyedi.eu\/hatn\/wp-content\/uploads\/2018\/08\/08-k.jpg\" \/>\n\n\n\t<div class=\"ms-thumb\" ><div class=\"ms-tab-context\"><div class=&quot;ms-tab-context&quot;><\/div><\/div>\n<\/div>\n\t\t\t\t<\/div>\n\t\t\t\t<div  class=\"ms-slide\" data-delay=\"3\" data-fill-mode=\"fill\"  >\n\t\t\t\t\t<img src=\"https:\/\/egyedi.eu\/hatn\/wp-content\/plugins\/master-slider\/public\/assets\/css\/blank.gif\" alt=\"04-k\" title=\"\" data-src=\"https:\/\/egyedi.eu\/hatn\/wp-content\/uploads\/2018\/08\/04-k.jpg\" \/>\n\n\n\t<div class=\"ms-thumb\" ><div class=\"ms-tab-context\"><div class=&quot;ms-tab-context&quot;><\/div><\/div>\n<\/div>\n\t\t\t\t<\/div>\n\t\t\t\t<div  class=\"ms-slide\" data-delay=\"3\" data-fill-mode=\"fill\"  >\n\t\t\t\t\t<img src=\"https:\/\/egyedi.eu\/hatn\/wp-content\/plugins\/master-slider\/public\/assets\/css\/blank.gif\" alt=\"04b-k\" title=\"\" data-src=\"https:\/\/egyedi.eu\/hatn\/wp-content\/uploads\/2018\/08\/04b-k.jpg\" \/>\n\n\n\t<div class=\"ms-thumb\" ><div class=\"ms-tab-context\"><div class=&quot;ms-tab-context&quot;><\/div><\/div>\n<\/div>\n\t\t\t\t<\/div>\n\t\t\t\t<div  class=\"ms-slide\" data-delay=\"3\" data-fill-mode=\"fill\"  >\n\t\t\t\t\t<img src=\"https:\/\/egyedi.eu\/hatn\/wp-content\/plugins\/master-slider\/public\/assets\/css\/blank.gif\" alt=\"07-k\" title=\"\" data-src=\"https:\/\/egyedi.eu\/hatn\/wp-content\/uploads\/2018\/08\/07-k.jpg\" \/>\n\n\n\t<div class=\"ms-thumb\" ><div class=\"ms-tab-context\"><div class=&quot;ms-tab-context&quot;><\/div><\/div>\n<\/div>\n\t\t\t\t<\/div>\n\t\t\t\t<div  class=\"ms-slide\" data-delay=\"3\" data-fill-mode=\"fill\"  >\n\t\t\t\t\t<img src=\"https:\/\/egyedi.eu\/hatn\/wp-content\/plugins\/master-slider\/public\/assets\/css\/blank.gif\" alt=\"07-b-k\" title=\"\" data-src=\"https:\/\/egyedi.eu\/hatn\/wp-content\/uploads\/2018\/08\/07-b-k.jpg\" \/>\n\n\n\t<div class=\"ms-thumb\" ><div class=\"ms-tab-context\"><div class=&quot;ms-tab-context&quot;><\/div><\/div>\n<\/div>\n\t\t\t\t<\/div>\n\t\t\t\t<div  class=\"ms-slide\" data-delay=\"3\" data-fill-mode=\"fill\"  >\n\t\t\t\t\t<img src=\"https:\/\/egyedi.eu\/hatn\/wp-content\/plugins\/master-slider\/public\/assets\/css\/blank.gif\" alt=\"09-k\" title=\"\" data-src=\"https:\/\/egyedi.eu\/hatn\/wp-content\/uploads\/2018\/08\/09-k.jpg\" \/>\n\n\n\t<div class=\"ms-thumb\" ><div class=\"ms-tab-context\"><div class=&quot;ms-tab-context&quot;><\/div><\/div>\n<\/div>\n\t\t\t\t<\/div>\n\t\t\t\t<div  class=\"ms-slide\" data-delay=\"3\" data-fill-mode=\"fill\"  >\n\t\t\t\t\t<img src=\"https:\/\/egyedi.eu\/hatn\/wp-content\/plugins\/master-slider\/public\/assets\/css\/blank.gif\" alt=\"10b-k\" title=\"\" data-src=\"https:\/\/egyedi.eu\/hatn\/wp-content\/uploads\/2018\/08\/10b-k.jpg\" \/>\n\n\n\t<div class=\"ms-thumb\" ><div class=\"ms-tab-context\"><div class=&quot;ms-tab-context&quot;><\/div><\/div>\n<\/div>\n\t\t\t\t<\/div>\n\t\t\t\t<div  class=\"ms-slide\" data-delay=\"3\" data-fill-mode=\"fill\"  >\n\t\t\t\t\t<img src=\"https:\/\/egyedi.eu\/hatn\/wp-content\/plugins\/master-slider\/public\/assets\/css\/blank.gif\" alt=\"10-k\" title=\"\" data-src=\"https:\/\/egyedi.eu\/hatn\/wp-content\/uploads\/2018\/08\/10-k.jpg\" \/>\n\n\n\t<div class=\"ms-thumb\" ><div class=\"ms-tab-context\"><div class=&quot;ms-tab-context&quot;><\/div><\/div>\n<\/div>\n\t\t\t\t<\/div>\n\t\t\t\t<div  class=\"ms-slide\" data-delay=\"3\" data-fill-mode=\"fill\"  >\n\t\t\t\t\t<img src=\"https:\/\/egyedi.eu\/hatn\/wp-content\/plugins\/master-slider\/public\/assets\/css\/blank.gif\" alt=\"11-k\" title=\"\" data-src=\"https:\/\/egyedi.eu\/hatn\/wp-content\/uploads\/2018\/08\/11-k.jpg\" \/>\n\n\n\t<div class=\"ms-thumb\" ><div class=\"ms-tab-context\"><div class=&quot;ms-tab-context&quot;><\/div><\/div>\n<\/div>\n\t\t\t\t<\/div>\n\t\t\t\t<div  class=\"ms-slide\" data-delay=\"3\" data-fill-mode=\"fill\"  >\n\t\t\t\t\t<img src=\"https:\/\/egyedi.eu\/hatn\/wp-content\/plugins\/master-slider\/public\/assets\/css\/blank.gif\" alt=\"06-k\" title=\"\" data-src=\"https:\/\/egyedi.eu\/hatn\/wp-content\/uploads\/2018\/08\/06-k.jpg\" \/>\n\n\n\t<div class=\"ms-thumb\" ><div class=\"ms-tab-context\"><div class=&quot;ms-tab-context&quot;><\/div><\/div>\n<\/div>\n\t\t\t\t<\/div>\n\t\t\t\t<div  class=\"ms-slide\" data-delay=\"3\" data-fill-mode=\"fill\"  >\n\t\t\t\t\t<img src=\"https:\/\/egyedi.eu\/hatn\/wp-content\/plugins\/master-slider\/public\/assets\/css\/blank.gif\" alt=\"05-k\" title=\"\" data-src=\"https:\/\/egyedi.eu\/hatn\/wp-content\/uploads\/2018\/08\/05-k.jpg\" \/>\n\n\n\t<div class=\"ms-thumb\" ><div class=\"ms-tab-context\"><div class=&quot;ms-tab-context&quot;><\/div><\/div>\n<\/div>\n\t\t\t\t<\/div>\n\t\t\t\t<div  class=\"ms-slide\" data-delay=\"3\" data-fill-mode=\"fill\"  >\n\t\t\t\t\t<img src=\"https:\/\/egyedi.eu\/hatn\/wp-content\/plugins\/master-slider\/public\/assets\/css\/blank.gif\" alt=\"12-k\" title=\"\" data-src=\"https:\/\/egyedi.eu\/hatn\/wp-content\/uploads\/2018\/08\/12-k.jpg\" \/>\n\n\n\t<div class=\"ms-thumb\" ><div class=\"ms-tab-context\"><div class=&quot;ms-tab-context&quot;><\/div><\/div>\n<\/div>\n\t\t\t\t<\/div>\n\t\t\t\t<div  class=\"ms-slide\" data-delay=\"3\" data-fill-mode=\"fill\"  >\n\t\t\t\t\t<img src=\"https:\/\/egyedi.eu\/hatn\/wp-content\/plugins\/master-slider\/public\/assets\/css\/blank.gif\" alt=\"13-k\" title=\"\" data-src=\"https:\/\/egyedi.eu\/hatn\/wp-content\/uploads\/2018\/08\/13-k.jpg\" \/>\n\n\n\t<div class=\"ms-thumb\" ><div class=\"ms-tab-context\"><div class=&quot;ms-tab-context&quot;><\/div><\/div>\n<\/div>\n\t\t\t\t<\/div>\n\t\t\t\t<div  class=\"ms-slide\" data-delay=\"3\" data-fill-mode=\"fill\"  >\n\t\t\t\t\t<img src=\"https:\/\/egyedi.eu\/hatn\/wp-content\/plugins\/master-slider\/public\/assets\/css\/blank.gif\" alt=\"14-k\" title=\"\" data-src=\"https:\/\/egyedi.eu\/hatn\/wp-content\/uploads\/2018\/08\/14-k.jpg\" \/>\n\n\n\t<div class=\"ms-thumb\" ><div class=\"ms-tab-context\"><div class=&quot;ms-tab-context&quot;><\/div><\/div>\n<\/div>\n\t\t\t\t<\/div>\n\t\t\t\t<div  class=\"ms-slide\" data-delay=\"3\" data-fill-mode=\"fill\"  >\n\t\t\t\t\t<img src=\"https:\/\/egyedi.eu\/hatn\/wp-content\/plugins\/master-slider\/public\/assets\/css\/blank.gif\" alt=\"15-k\" title=\"\" data-src=\"https:\/\/egyedi.eu\/hatn\/wp-content\/uploads\/2018\/08\/15-k.jpg\" \/>\n\n\n\t<div class=\"ms-thumb\" ><div class=\"ms-tab-context\"><div class=&quot;ms-tab-context&quot;><\/div><\/div>\n<\/div>\n\t\t\t\t<\/div>\n\t\t\t\t<div  class=\"ms-slide\" data-delay=\"3\" data-fill-mode=\"fill\"  >\n\t\t\t\t\t<img src=\"https:\/\/egyedi.eu\/hatn\/wp-content\/plugins\/master-slider\/public\/assets\/css\/blank.gif\" alt=\"16-k\" title=\"\" data-src=\"https:\/\/egyedi.eu\/hatn\/wp-content\/uploads\/2018\/08\/16-k.jpg\" \/>\n\n\n\t<div class=\"ms-thumb\" ><div class=\"ms-tab-context\"><div class=&quot;ms-tab-context&quot;><\/div><\/div>\n<\/div>\n\t\t\t\t<\/div>\n\t\t\t\t<div  class=\"ms-slide\" data-delay=\"3\" data-fill-mode=\"fill\"  >\n\t\t\t\t\t<img src=\"https:\/\/egyedi.eu\/hatn\/wp-content\/plugins\/master-slider\/public\/assets\/css\/blank.gif\" alt=\"17-k\" title=\"\" data-src=\"https:\/\/egyedi.eu\/hatn\/wp-content\/uploads\/2018\/08\/17-k.jpg\" \/>\n\n\n\t<div class=\"ms-thumb\" ><div class=\"ms-tab-context\"><div class=&quot;ms-tab-context&quot;><\/div><\/div>\n<\/div>\n\t\t\t\t<\/div>\n\n\t\t\t<\/div>\n\t\t\t<!-- END MasterSlider Main -->\n\n\t\t\t \n\t\t<\/div>\n\t\t<!-- END MasterSlider -->\n\n\t\t<script>\n\t\t(function ( $ ) {\n\t\t\t\"use strict\";\n\n\t\t\t$(function () {\n\t\t\t\tvar masterslider_b5ed = new MasterSlider();\n\n\t\t\t\t\/\/ slider controls\n\t\t\t\tmasterslider_b5ed.control('arrows'     ,{ autohide:false, overVideo:true  });\n\t\t\t\t\/\/ slider setup\n\t\t\t\tmasterslider_b5ed.setup(\"MS69e7ce7ddb5ed\", {\n\t\t\t\t\t\twidth           : 800,\n\t\t\t\t\t\theight          : 543,\n\t\t\t\t\t\tminHeight       : 0,\n\t\t\t\t\t\tspace           : 0,\n\t\t\t\t\t\tstart           : 1,\n\t\t\t\t\t\tgrabCursor      : true,\n\t\t\t\t\t\tswipe           : true,\n\t\t\t\t\t\tmouse           : true,\n\t\t\t\t\t\tlayout          : \"boxed\",\n\t\t\t\t\t\twheel           : false,\n\t\t\t\t\t\tautoplay        : true,\n\t\t\t\t\t\tinstantStartLayers:false,\n\t\t\t\t\t\tloop            : false,\n\t\t\t\t\t\tshuffle         : false,\n\t\t\t\t\t\tpreload         : 0,\n\t\t\t\t\t\theightLimit     : true,\n\t\t\t\t\t\tautoHeight      : false,\n\t\t\t\t\t\tsmoothHeight    : true,\n\t\t\t\t\t\tendPause        : false,\n\t\t\t\t\t\toverPause       : false,\n\t\t\t\t\t\tfillMode        : \"fill\",\n\t\t\t\t\t\tcenterControls  : true,\n\t\t\t\t\t\tstartOnAppear   : false,\n\t\t\t\t\t\tlayersMode      : \"center\",\n\t\t\t\t\t\thideLayers      : false,\n\t\t\t\t\t\tfullscreenMargin: 0,\n\t\t\t\t\t\tspeed           : 20,\n\t\t\t\t\t\tdir             : \"h\",\n\t\t\t\t\t\tparallaxMode    : 'swipe',\n\t\t\t\t\t\tview            : \"basic\"\n\t\t\t\t});\n\n\t\t\t\t\n\t\t\t\twindow.masterslider_instances = window.masterslider_instances || [];\n\t\t\t\twindow.masterslider_instances.push( masterslider_b5ed );\n\t\t\t });\n\n\t\t})(jQuery);\n\t\t<\/script>\n\n","protected":false},"excerpt":{"rendered":"<p>Tov\u00e1bbi egyedi hat\u00e1rid\u0151napl\u00f3 mint\u00e1k a Facebook oldalunkon (facebook.com\/kivulbelulegyedi) l\u00e1that\u00f3ak.<\/p>\n","protected":false},"author":1,"featured_media":0,"parent":37,"menu_order":1,"comment_status":"closed","ping_status":"closed","template":"","meta":[],"_links":{"self":[{"href":"https:\/\/egyedi.eu\/hatn\/wp-json\/wp\/v2\/pages\/98"}],"collection":[{"href":"https:\/\/egyedi.eu\/hatn\/wp-json\/wp\/v2\/pages"}],"about":[{"href":"https:\/\/egyedi.eu\/hatn\/wp-json\/wp\/v2\/types\/page"}],"author":[{"embeddable":true,"href":"https:\/\/egyedi.eu\/hatn\/wp-json\/wp\/v2\/users\/1"}],"replies":[{"embeddable":true,"href":"https:\/\/egyedi.eu\/hatn\/wp-json\/wp\/v2\/comments?post=98"}],"version-history":[{"count":7,"href":"https:\/\/egyedi.eu\/hatn\/wp-json\/wp\/v2\/pages\/98\/revisions"}],"predecessor-version":[{"id":758,"href":"https:\/\/egyedi.eu\/hatn\/wp-json\/wp\/v2\/pages\/98\/revisions\/758"}],"up":[{"embeddable":true,"href":"https:\/\/egyedi.eu\/hatn\/wp-json\/wp\/v2\/pages\/37"}],"wp:attachment":[{"href":"https:\/\/egyedi.eu\/hatn\/wp-json\/wp\/v2\/media?parent=98"}],"curies":[{"name":"wp","href":"https:\/\/api.w.org\/{rel}","templated":true}]}}